CRAN Package Check Results for Package googlesheets4

Last updated on 2022-11-29 22:53:37 CET.

Flavor Version Tinstall Tcheck Ttotal Status Flags
r-devel-linux-x86_64-debian-clang 1.0.1 9.76 91.33 101.09 OK
r-devel-linux-x86_64-debian-gcc 1.0.1 6.45 68.19 74.64 OK
r-devel-linux-x86_64-fedora-clang 1.0.1 133.42 NOTE
r-devel-linux-x86_64-fedora-gcc 1.0.1 126.99 OK
r-devel-windows-x86_64 1.0.1 180.00 137.00 317.00 OK
r-patched-linux-x86_64 1.0.1 10.72 83.96 94.68 OK
r-release-linux-x86_64 1.0.1 6.44 83.95 90.39 OK
r-release-macos-arm64 1.0.1 39.00 OK
r-release-macos-x86_64 1.0.1 49.00 OK
r-release-windows-x86_64 1.0.1 187.00 130.00 317.00 OK
r-oldrel-macos-arm64 1.0.1 37.00 OK
r-oldrel-macos-x86_64 1.0.1 53.00 OK
r-oldrel-windows-ix86+x86_64 1.0.1 19.00 113.00 132.00 OK

Check Details

Version: 1.0.1
Check: Rd cross-references
Result: NOTE
    Undeclared package ‘jsonlite’ in Rd xrefs
Flavor: r-devel-linux-x86_64-fedora-clang