CRAN Package Check Results for Package googleCloudVisionR

Last updated on 2024-06-25 00:58:01 CEST.

Flavor Version Tinstall Tcheck Ttotal Status Flags
r-devel-linux-x86_64-debian-clang 0.2.0 4.15 41.45 45.60 NOTE
r-devel-linux-x86_64-debian-gcc 0.2.0 3.23 30.83 34.06 NOTE
r-devel-linux-x86_64-fedora-clang 0.2.0 59.22 NOTE
r-devel-linux-x86_64-fedora-gcc 0.2.0 54.44 NOTE
r-devel-windows-x86_64 0.2.0 5.00 54.00 59.00 NOTE
r-patched-linux-x86_64 0.2.0 5.17 40.12 45.29 NOTE
r-release-linux-x86_64 0.2.0 4.69 40.10 44.79 NOTE
r-release-macos-arm64 0.2.0 22.00 NOTE
r-release-macos-x86_64 0.2.0 30.00 NOTE
r-release-windows-x86_64 0.2.0 5.00 56.00 61.00 NOTE
r-oldrel-macos-arm64 0.2.0 23.00 NOTE
r-oldrel-macos-x86_64 0.2.0 32.00 NOTE
r-oldrel-windows-x86_64 0.2.0 6.00 59.00 65.00 NOTE

Check Details

Version: 0.2.0
Check: LazyData
Result: NOTE 'LazyData' is specified without a 'data' directory Flavors: r-devel-linux-x86_64-debian-clang, r-devel-linux-x86_64-debian-gcc, r-devel-linux-x86_64-fedora-clang, r-devel-linux-x86_64-fedora-gcc, r-devel-windows-x86_64, r-patched-linux-x86_64, r-release-linux-x86_64, r-release-macos-arm64, r-release-macos-x86_64, r-release-windows-x86_64, r-oldrel-macos-arm64, r-oldrel-macos-x86_64, r-oldrel-windows-x86_64