CRAN Package Check Results for Package googleAuthR

Last updated on 2019-05-25 02:49:22 CEST.

Flavor Version Tinstall Tcheck Ttotal Status Flags
r-devel-linux-x86_64-debian-clang 0.7.0 4.49 40.00 44.49 OK
r-devel-linux-x86_64-debian-gcc 0.7.0 4.04 32.22 36.26 OK
r-devel-linux-x86_64-fedora-clang 0.7.0 56.74 NOTE
r-devel-linux-x86_64-fedora-gcc 0.7.0 54.85 NOTE
r-devel-windows-ix86+x86_64 0.7.0 9.00 64.00 73.00 OK
r-patched-linux-x86_64 0.7.0 OK
r-patched-solaris-x86 0.7.0 82.00 NOTE
r-release-linux-x86_64 0.7.0 4.68 39.78 44.46 OK
r-release-windows-ix86+x86_64 0.7.0 13.00 87.00 100.00 OK
r-release-osx-x86_64 0.7.0 NOTE
r-oldrel-windows-ix86+x86_64 0.7.0 9.00 67.00 76.00 OK
r-oldrel-osx-x86_64 0.7.0 NOTE

Check Details

Version: 0.7.0
Check: dependencies in R code
Result: NOTE
    Namespace in Imports field not imported from: ‘R6’
     All declared Imports should be used.
Flavors: r-devel-linux-x86_64-fedora-clang, r-devel-linux-x86_64-fedora-gcc, r-patched-solaris-x86, r-release-osx-x86_64, r-oldrel-osx-x86_64