CRAN Package Check Results for Package goeveg

Last updated on 2022-11-29 22:53:37 CET.

Flavor Version Tinstall Tcheck Ttotal Status Flags
r-devel-linux-x86_64-debian-clang 0.5.1 14.78 123.32 138.10 OK
r-devel-linux-x86_64-debian-gcc 0.5.1 11.08 92.76 103.84 OK
r-devel-linux-x86_64-fedora-clang 0.5.1 185.27 NOTE
r-devel-linux-x86_64-fedora-gcc 0.5.1 181.35 NOTE
r-devel-windows-x86_64 0.5.1 15.00 147.00 162.00 OK
r-patched-linux-x86_64 0.5.1 12.34 118.14 130.48 OK
r-release-linux-x86_64 0.5.1 8.90 116.31 125.21 OK
r-release-macos-arm64 0.5.1 43.00 NOTE
r-release-macos-x86_64 0.5.1 77.00 NOTE
r-release-windows-x86_64 0.5.1 26.00 146.00 172.00 OK
r-oldrel-macos-arm64 0.5.1 55.00 NOTE
r-oldrel-macos-x86_64 0.5.1 85.00 NOTE
r-oldrel-windows-ix86+x86_64 0.5.1 30.00 141.00 171.00 OK

Check Details

Version: 0.5.1
Check: dependencies in R code
Result: NOTE
    Namespace in Imports field not imported from: ‘Hmisc’
     All declared Imports should be used.
Flavors: r-devel-linux-x86_64-fedora-clang, r-devel-linux-x86_64-fedora-gcc, r-release-macos-arm64, r-release-macos-x86_64, r-oldrel-macos-arm64, r-oldrel-macos-x86_64