CRAN Package Check Results for Package gnlm

Last updated on 2021-01-24 23:47:32 CET.

Flavor Version Tinstall Tcheck Ttotal Status Flags
r-devel-linux-x86_64-debian-clang 1.1.1 12.39 56.73 69.12 OK
r-devel-linux-x86_64-debian-gcc 1.1.1 9.55 42.38 51.93 OK
r-devel-linux-x86_64-fedora-clang 1.1.1 91.73 NOTE
r-devel-linux-x86_64-fedora-gcc 1.1.1 81.66 OK
r-devel-windows-ix86+x86_64 1.1.1 24.00 78.00 102.00 OK
r-patched-linux-x86_64 1.1.1 11.74 52.96 64.70 OK
r-patched-solaris-x86 1.1.1 97.60 OK
r-release-linux-x86_64 1.1.1 13.07 51.34 64.41 OK
r-release-macos-x86_64 1.1.1 OK
r-release-windows-ix86+x86_64 1.1.1 19.00 56.00 75.00 OK
r-oldrel-macos-x86_64 1.1.1 OK
r-oldrel-windows-ix86+x86_64 1.1.1 24.00 68.00 92.00 OK

Check Details

Version: 1.1.1
Check: Rd cross-references
Result: NOTE
    Undeclared package ‘repeated’ in Rd xrefs
Flavor: r-devel-linux-x86_64-fedora-clang