CRAN Package Check Results for Package gnFit

Last updated on 2022-08-18 23:58:27 CEST.

Flavor Version Tinstall Tcheck Ttotal Status Flags
r-devel-linux-x86_64-debian-clang 0.2.0 8.86 66.78 75.64 NOTE
r-devel-linux-x86_64-debian-gcc 0.2.0 6.02 51.48 57.50 NOTE
r-devel-linux-x86_64-fedora-clang 0.2.0 98.74 NOTE
r-devel-linux-x86_64-fedora-gcc 0.2.0 96.16 NOTE
r-devel-windows-x86_64 0.2.0 10.00 89.00 99.00 NOTE
r-patched-linux-x86_64 0.2.0 8.29 63.46 71.75 NOTE
r-release-linux-x86_64 0.2.0 NOTE
r-release-macos-arm64 0.2.0 31.00 NOTE
r-release-macos-x86_64 0.2.0 42.00 NOTE
r-release-windows-x86_64 0.2.0 8.00 92.00 100.00 NOTE
r-oldrel-macos-arm64 0.2.0 34.00 NOTE
r-oldrel-macos-x86_64 0.2.0 63.00 NOTE
r-oldrel-windows-ix86+x86_64 0.2.0 16.00 86.00 102.00 NOTE

Check Details

Version: 0.2.0
Check: LazyData
Result: NOTE
     'LazyData' is specified without a 'data' directory
Flavors: r-devel-linux-x86_64-debian-clang, r-devel-linux-x86_64-debian-gcc, r-devel-linux-x86_64-fedora-clang, r-devel-linux-x86_64-fedora-gcc, r-devel-windows-x86_64, r-patched-linux-x86_64, r-release-linux-x86_64, r-release-macos-arm64, r-release-macos-x86_64, r-release-windows-x86_64, r-oldrel-macos-arm64, r-oldrel-macos-x86_64, r-oldrel-windows-ix86+x86_64