Last updated on 2021-03-02 23:48:32 CET.
Flavor | Version | Tinstall | Tcheck | Ttotal | Status | Flags |
---|---|---|---|---|---|---|
r-devel-linux-x86_64-debian-clang | 1.1-3.2 | OK | ||||
r-devel-linux-x86_64-debian-gcc | 1.1-3.2 | 10.67 | 75.99 | 86.66 | OK | |
r-devel-linux-x86_64-fedora-clang | 1.1-3.2 | 144.75 | NOTE | |||
r-devel-linux-x86_64-fedora-gcc | 1.1-3.2 | 131.51 | OK | |||
r-devel-windows-ix86+x86_64 | 1.1-3.2 | 24.00 | 123.00 | 147.00 | OK | |
r-patched-linux-x86_64 | 1.1-3.2 | 10.86 | 93.85 | 104.71 | OK | |
r-patched-solaris-x86 | 1.1-3.2 | 185.40 | OK | |||
r-release-linux-x86_64 | 1.1-3.2 | 12.44 | 94.31 | 106.75 | OK | |
r-release-macos-x86_64 | 1.1-3.2 | OK | ||||
r-release-windows-ix86+x86_64 | 1.1-3.2 | 21.00 | 119.00 | 140.00 | OK | |
r-oldrel-macos-x86_64 | 1.1-3.2 | OK | ||||
r-oldrel-windows-ix86+x86_64 | 1.1-3.2 | 24.00 | 113.00 | 137.00 | OK |
Version: 1.1-3.2
Check: Rd cross-references
Result: NOTE
Undeclared package ‘sandwich’ in Rd xrefs
Flavor: r-devel-linux-x86_64-fedora-clang