CRAN Package Check Results for Package glmulti

Last updated on 2019-11-10 23:48:28 CET.

Flavor Version Tinstall Tcheck Ttotal Status Flags
r-devel-linux-x86_64-debian-clang 1.0.7.1 7.10 38.73 45.83 NOTE
r-devel-linux-x86_64-debian-gcc 1.0.7.1 5.44 29.90 35.34 NOTE
r-devel-linux-x86_64-fedora-clang 1.0.7.1 56.54 NOTE
r-devel-linux-x86_64-fedora-gcc 1.0.7.1 58.68 NOTE
r-devel-windows-ix86+x86_64 1.0.7.1 9.00 6.00 15.00 ERROR
r-patched-linux-x86_64 1.0.7.1 6.59 37.15 43.74 NOTE
r-patched-solaris-x86 1.0.7.1 78.70 NOTE
r-release-linux-x86_64 1.0.7.1 6.19 37.59 43.78 NOTE
r-release-windows-ix86+x86_64 1.0.7.1 16.00 71.00 87.00 NOTE
r-release-osx-x86_64 1.0.7.1 NOTE
r-oldrel-windows-ix86+x86_64 1.0.7.1 11.00 51.00 62.00 NOTE
r-oldrel-osx-x86_64 1.0.7.1 NOTE

Check Details

Version: 1.0.7.1
Check: R code for possible problems
Result: NOTE
    Found an obsolete/platform-specific call in the following function:
     'plot.glmulti'
    Found the platform-specific device:
     'windows'
    dev.new() is the preferred way to open a new device, in the unlikely
    event one is needed.
    glmulti,character-character-ANY-ANY: no visible global function
     definition for 'regsubsets'
    Undefined global functions or variables:
     regsubsets
Flavors: r-devel-linux-x86_64-debian-clang, r-devel-linux-x86_64-debian-gcc, r-devel-linux-x86_64-fedora-clang, r-devel-linux-x86_64-fedora-gcc, r-patched-linux-x86_64, r-patched-solaris-x86, r-release-linux-x86_64

Version: 1.0.7.1
Check: Rd line widths
Result: NOTE
    Rd file 'glmulti.Rd':
     \usage lines wider than 90 characters:
     glmulti(y, xr, data, exclude = c(), name = "glmulti.analysis", intercept = TRUE, marginality = FALSE, bunch=30, chunk = 1, chunks = 1,
     level = 2, minsize = 0, maxsize = -1, minK = 0, maxK = -1, method = "h", crit = "aic", confsetsize = 100, popsize = 100 ... [TRUNCATED]
     \examples lines wider than 100 characters:
     # It explains the general approach and shows how to use glmulti with mixed models from the lme4 package.
     # this procedure allows support of arbitrarily any fitting function, or the use of sophisticated constraints on the model structure
    
    Rd file 'write.Rd':
     \usage lines wider than 90 characters:
     write(x, file = "data", ncolumns = if (is.character(x)) 1 else 5, append = FALSE, sep = " ")
    
    These lines will be truncated in the PDF manual.
Flavors: r-devel-linux-x86_64-debian-clang, r-devel-linux-x86_64-debian-gcc, r-devel-linux-x86_64-fedora-clang, r-devel-linux-x86_64-fedora-gcc, r-patched-linux-x86_64, r-release-linux-x86_64

Version: 1.0.7.1
Check: whether package can be installed
Result: ERROR
    Installation failed.
Flavor: r-devel-windows-ix86+x86_64

Version: 1.0.7.1
Check: R code for possible problems
Result: NOTE
    plot.glmulti: no visible global function definition for 'windows'
    glmulti,character-character-ANY-ANY: no visible global function
     definition for 'regsubsets'
    Undefined global functions or variables:
     regsubsets windows
    Consider adding
     importFrom("grDevices", "windows")
    to your NAMESPACE file.
Flavors: r-release-windows-ix86+x86_64, r-oldrel-windows-ix86+x86_64

Version: 1.0.7.1
Check: R code for possible problems
Result: NOTE
    glmulti,character-character-ANY-ANY: no visible global function
     definition for ‘regsubsets’
    Undefined global functions or variables:
     regsubsets
Flavors: r-release-osx-x86_64, r-oldrel-osx-x86_64