Last updated on 2022-05-26 23:52:57 CEST.
Flavor | Version | Tinstall | Tcheck | Ttotal | Status | Flags |
---|---|---|---|---|---|---|
r-devel-linux-x86_64-debian-clang | 1.1.3 | 243.30 | 301.75 | 545.05 | OK | |
r-devel-linux-x86_64-debian-gcc | 1.1.3 | 168.75 | 254.20 | 422.95 | OK | |
r-devel-linux-x86_64-fedora-clang | 1.1.3 | 773.62 | NOTE | |||
r-devel-linux-x86_64-fedora-gcc | 1.1.3 | 671.00 | OK | |||
r-devel-windows-x86_64 | 1.1.3 | 179.00 | 321.00 | 500.00 | NOTE | --no-vignettes |
r-patched-linux-x86_64 | 1.1.3 | 175.07 | 301.37 | 476.44 | OK | |
r-release-linux-x86_64 | 1.1.3 | 164.66 | 295.86 | 460.52 | OK | |
r-release-macos-arm64 | 1.1.3 | 189.00 | NOTE | |||
r-release-macos-x86_64 | 1.1.3 | 310.00 | NOTE | |||
r-release-windows-x86_64 | 1.1.3 | 175.00 | 321.00 | 496.00 | NOTE | --no-vignettes |
r-oldrel-macos-arm64 | 1.1.3 | 212.00 | NOTE | |||
r-oldrel-macos-x86_64 | 1.1.3 | 244.00 | NOTE | |||
r-oldrel-windows-ix86+x86_64 | 1.1.3 | 352.00 | 428.00 | 780.00 | NOTE | --no-vignettes |
Version: 1.1.3
Check: installed package size
Result: NOTE
installed size is 45.8Mb
sub-directories of 1Mb or more:
libs 41.0Mb
test_data 2.2Mb
vignette_data 1.1Mb
Flavors: r-devel-linux-x86_64-fedora-clang, r-release-macos-arm64, r-release-macos-x86_64, r-oldrel-macos-arm64, r-oldrel-macos-x86_64
Version: 1.1.3
Flags: --no-vignettes
Check: installed package size
Result: NOTE
installed size is 18.7Mb
sub-directories of 1Mb or more:
libs 13.9Mb
test_data 2.2Mb
vignette_data 1.1Mb
Flavors: r-devel-windows-x86_64, r-release-windows-x86_64, r-oldrel-windows-ix86+x86_64