Last updated on 2022-07-01 23:53:23 CEST.
Flavor | Version | Tinstall | Tcheck | Ttotal | Status | Flags |
---|---|---|---|---|---|---|
r-devel-linux-x86_64-debian-clang | 1.5.1.10 | 453.15 | 189.52 | 642.67 | NOTE | |
r-devel-linux-x86_64-debian-gcc | 1.5.1.10 | 414.03 | 149.72 | 563.75 | NOTE | |
r-devel-linux-x86_64-fedora-clang | 1.5.1.10 | 922.65 | NOTE | |||
r-devel-linux-x86_64-fedora-gcc | 1.5.1.10 | 935.58 | NOTE | |||
r-devel-windows-x86_64 | 1.5.1.10 | 358.00 | 234.00 | 592.00 | NOTE | |
r-patched-linux-x86_64 | 1.5.1.10 | 440.89 | 193.63 | 634.52 | OK | |
r-release-linux-x86_64 | 1.5.1.10 | 428.34 | 197.23 | 625.57 | OK | |
r-release-macos-arm64 | 1.5.1.10 | 194.00 | NOTE | |||
r-release-macos-x86_64 | 1.5.1.10 | 293.00 | NOTE | |||
r-release-windows-x86_64 | 1.5.1.10 | 336.00 | 246.00 | 582.00 | OK | |
r-oldrel-macos-arm64 | 1.5.1.10 | 227.00 | NOTE | |||
r-oldrel-macos-x86_64 | 1.5.1.10 | 271.00 | NOTE | |||
r-oldrel-windows-ix86+x86_64 | 1.5.1.10 | 1071.00 | 292.00 | 1363.00 | NOTE |
Version: 1.5.1.10
Check: Rd files
Result: NOTE
checkRd: (-1) basal.Rd:32: Escaped LaTeX specials: \_
checkRd: (-1) basal.Rd:33: Escaped LaTeX specials: \_ \_ \_
Flavors: r-devel-linux-x86_64-debian-clang, r-devel-linux-x86_64-debian-gcc, r-devel-linux-x86_64-fedora-clang, r-devel-linux-x86_64-fedora-gcc, r-devel-windows-x86_64
Version: 1.5.1.10
Check: installed package size
Result: NOTE
installed size is 41.8Mb
sub-directories of 1Mb or more:
libs 40.8Mb
Flavors: r-devel-linux-x86_64-fedora-clang, r-release-macos-arm64, r-release-macos-x86_64, r-oldrel-macos-arm64, r-oldrel-macos-x86_64, r-oldrel-windows-ix86+x86_64
Version: 1.5.1.10
Check: dependencies in R code
Result: NOTE
Namespace in Imports field not imported from: ‘rstantools’
All declared Imports should be used.
Flavors: r-devel-linux-x86_64-fedora-clang, r-devel-linux-x86_64-fedora-gcc, r-release-macos-arm64, r-release-macos-x86_64, r-oldrel-macos-arm64, r-oldrel-macos-x86_64