CRAN Package Check Results for Package glmglrt

Last updated on 2022-06-29 23:53:20 CEST.

Flavor Version Tinstall Tcheck Ttotal Status Flags
r-devel-linux-x86_64-debian-clang 0.2.2 4.63 115.42 120.05 NOTE
r-devel-linux-x86_64-debian-gcc 0.2.2 3.28 87.69 90.97 NOTE
r-devel-linux-x86_64-fedora-clang 0.2.2 151.82 NOTE
r-devel-linux-x86_64-fedora-gcc 0.2.2 151.77 NOTE
r-devel-windows-x86_64 0.2.2 24.00 138.00 162.00 NOTE
r-patched-linux-x86_64 0.2.2 6.89 113.12 120.01 NOTE
r-release-linux-x86_64 0.2.2 3.53 111.56 115.09 NOTE
r-release-macos-arm64 0.2.2 41.00 NOTE
r-release-macos-x86_64 0.2.2 61.00 NOTE
r-release-windows-x86_64 0.2.2 22.00 137.00 159.00 NOTE
r-oldrel-macos-arm64 0.2.2 53.00 NOTE
r-oldrel-macos-x86_64 0.2.2 86.00 NOTE
r-oldrel-windows-ix86+x86_64 0.2.2 19.00 139.00 158.00 NOTE

Check Details

Version: 0.2.2
Check: LazyData
Result: NOTE
     'LazyData' is specified without a 'data' directory
Flavors: r-devel-linux-x86_64-debian-clang, r-devel-linux-x86_64-debian-gcc, r-devel-linux-x86_64-fedora-clang, r-devel-linux-x86_64-fedora-gcc, r-devel-windows-x86_64, r-patched-linux-x86_64, r-release-linux-x86_64, r-release-macos-arm64, r-release-macos-x86_64, r-release-windows-x86_64, r-oldrel-macos-arm64, r-oldrel-macos-x86_64, r-oldrel-windows-ix86+x86_64