CRAN Package Check Results for Package gllvm

Last updated on 2022-01-26 23:50:20 CET.

Flavor Version Tinstall Tcheck Ttotal Status Flags
r-devel-linux-x86_64-debian-clang 1.3.1 256.86 256.25 513.11 OK
r-devel-linux-x86_64-debian-gcc 1.3.1 223.69 209.78 433.47 OK
r-devel-linux-x86_64-fedora-clang 1.3.1 686.32 NOTE
r-devel-linux-x86_64-fedora-gcc 1.3.1 721.70 OK
r-devel-windows-x86_64-new-UL 1.3.1 172.00 318.00 490.00 NOTE
r-devel-windows-x86_64-new-TK 1.3.1 OK
r-patched-linux-x86_64 1.3.1 249.89 300.38 550.27 OK
r-release-linux-x86_64 1.3.1 241.98 303.91 545.89 OK
r-release-macos-arm64 1.3.1 NOTE
r-release-macos-x86_64 1.3.1 NOTE
r-release-windows-ix86+x86_64 1.3.1 499.00 479.00 978.00 NOTE
r-oldrel-macos-x86_64 1.3.1 NOTE
r-oldrel-windows-ix86+x86_64 1.3.1 503.00 473.00 976.00 NOTE

Check Details

Version: 1.3.1
Check: installed package size
Result: NOTE
     installed size is 88.5Mb
     sub-directories of 1Mb or more:
     libs 87.8Mb
Flavors: r-devel-linux-x86_64-fedora-clang, r-devel-windows-x86_64-new-UL, r-release-macos-arm64, r-release-macos-x86_64, r-release-windows-ix86+x86_64, r-oldrel-macos-x86_64, r-oldrel-windows-ix86+x86_64