Last updated on 2022-06-28 23:54:05 CEST.
Flavor | Version | Tinstall | Tcheck | Ttotal | Status | Flags |
---|---|---|---|---|---|---|
r-devel-linux-x86_64-debian-clang | 1.6-0 | 7.33 | 109.17 | 116.50 | NOTE | |
r-devel-linux-x86_64-debian-gcc | 1.6-0 | 4.51 | 77.51 | 82.02 | NOTE | |
r-devel-linux-x86_64-fedora-clang | 1.6-0 | 148.11 | NOTE | |||
r-devel-linux-x86_64-fedora-gcc | 1.6-0 | 146.81 | NOTE | |||
r-devel-windows-x86_64 | 1.6-0 | 31.00 | 163.00 | 194.00 | NOTE | |
r-patched-linux-x86_64 | 1.6-0 | 5.69 | 103.08 | 108.77 | OK | |
r-release-linux-x86_64 | 1.6-0 | 5.09 | 102.96 | 108.05 | OK | |
r-release-macos-arm64 | 1.6-0 | 46.00 | OK | |||
r-release-macos-x86_64 | 1.6-0 | 53.00 | OK | |||
r-release-windows-x86_64 | 1.6-0 | 28.00 | 155.00 | 183.00 | OK | |
r-oldrel-macos-arm64 | 1.6-0 | 55.00 | OK | |||
r-oldrel-macos-x86_64 | 1.6-0 | 83.00 | OK | |||
r-oldrel-windows-ix86+x86_64 | 1.6-0 | 11.00 | 144.00 | 155.00 | OK |
Version: 1.6-0
Check: Rd files
Result: NOTE
checkRd: (-1) randPIT.Rd:52: Escaped LaTeX specials: \&
Flavors: r-devel-linux-x86_64-debian-clang, r-devel-linux-x86_64-debian-gcc, r-devel-linux-x86_64-fedora-clang, r-devel-linux-x86_64-fedora-gcc, r-devel-windows-x86_64