CRAN Package Check Results for Package glamlasso

Last updated on 2022-12-02 23:50:29 CET.

Flavor Version Tinstall Tcheck Ttotal Status Flags
r-devel-linux-x86_64-debian-clang 3.0.1 125.82 36.59 162.41 OK
r-devel-linux-x86_64-debian-gcc 3.0.1 239.29 28.96 268.25 OK
r-devel-linux-x86_64-fedora-clang 3.0.1 236.05 OK
r-devel-linux-x86_64-fedora-gcc 3.0.1 386.15 OK
r-devel-windows-x86_64 3.0.1 90.00 95.00 185.00 OK
r-patched-linux-x86_64 3.0.1 104.80 34.62 139.42 OK
r-release-linux-x86_64 3.0.1 105.64 34.85 140.49 OK
r-release-macos-arm64 3.0.1 63.00 NOTE
r-release-macos-x86_64 3.0.1 94.00 NOTE
r-release-windows-x86_64 3.0.1 102.00 84.00 186.00 OK
r-oldrel-macos-arm64 3.0.1 101.00 NOTE
r-oldrel-macos-x86_64 3.0.1 171.00 NOTE
r-oldrel-windows-ix86+x86_64 3.0.1 204.00 90.00 294.00 OK

Check Details

Version: 3.0.1
Check: installed package size
Result: NOTE
     installed size is 10.4Mb
     sub-directories of 1Mb or more:
     libs 10.2Mb
Flavors: r-release-macos-arm64, r-release-macos-x86_64, r-oldrel-macos-arm64, r-oldrel-macos-x86_64