CRAN Package Check Results for Package gifski

Last updated on 2019-07-15 00:50:32 CEST.

Flavor Version Tinstall Tcheck Ttotal Status Flags
r-devel-linux-x86_64-debian-clang 0.8.6 214.25 17.66 231.91 OK
r-devel-linux-x86_64-debian-gcc 0.8.6 153.89 14.68 168.57 OK
r-devel-linux-x86_64-fedora-clang 0.8.6 349.72 OK
r-devel-linux-x86_64-fedora-gcc 0.8.6 360.08 OK
r-devel-windows-ix86+x86_64 0.8.6 21.00 50.00 71.00 OK
r-patched-linux-x86_64 0.8.6 213.48 17.77 231.25 OK
r-release-linux-x86_64 0.8.6 211.46 17.78 229.24 OK
r-release-windows-ix86+x86_64 0.8.6 23.00 73.00 96.00 OK
r-release-osx-x86_64 0.8.6 NOTE
r-oldrel-windows-ix86+x86_64 0.8.6 26.00 48.00 74.00 OK
r-oldrel-osx-x86_64 0.8.6 NOTE

Check Details

Version: 0.8.6
Check: installed package size
Result: NOTE
     installed size is 6.8Mb
     sub-directories of 1Mb or more:
     libs 6.7Mb
Flavors: r-release-osx-x86_64, r-oldrel-osx-x86_64