CRAN Package Check Results for Package gifski

Last updated on 2019-10-20 23:47:26 CEST.

Flavor Version Tinstall Tcheck Ttotal Status Flags
r-devel-linux-x86_64-debian-clang 0.8.6 204.77 17.55 222.32 OK
r-devel-linux-x86_64-debian-gcc 0.8.6 150.46 14.29 164.75 OK
r-devel-linux-x86_64-fedora-clang 0.8.6 340.54 OK
r-devel-linux-x86_64-fedora-gcc 0.8.6 341.32 OK
r-devel-windows-ix86+x86_64 0.8.6 16.00 54.00 70.00 OK
r-patched-linux-x86_64 0.8.6 206.84 17.35 224.19 OK
r-release-linux-x86_64 0.8.6 209.45 17.66 227.11 OK
r-release-windows-ix86+x86_64 0.8.6 23.00 49.00 72.00 OK
r-release-osx-x86_64 0.8.6 NOTE
r-oldrel-windows-ix86+x86_64 0.8.6 18.00 43.00 61.00 OK
r-oldrel-osx-x86_64 0.8.6 NOTE

Check Details

Version: 0.8.6
Check: installed package size
Result: NOTE
     installed size is 6.8Mb
     sub-directories of 1Mb or more:
     libs 6.7Mb
Flavors: r-release-osx-x86_64, r-oldrel-osx-x86_64