CRAN Package Check Results for Package ggtext

Last updated on 2022-09-26 23:58:14 CEST.

Flavor Version Tinstall Tcheck Ttotal Status Flags
r-devel-linux-x86_64-debian-clang 0.1.2 5.87 87.41 93.28 OK
r-devel-linux-x86_64-debian-gcc 0.1.2 4.72 64.29 69.01 OK
r-devel-linux-x86_64-fedora-clang 0.1.2 128.76 OK
r-devel-linux-x86_64-fedora-gcc 0.1.2 124.12 OK
r-devel-windows-x86_64 0.1.1 54.00 124.00 178.00 NOTE
r-patched-linux-x86_64 0.1.2 6.23 81.68 87.91 OK
r-release-linux-x86_64 0.1.2 6.34 80.41 86.75 OK
r-release-macos-arm64 0.1.2 45.00 OK
r-release-macos-x86_64 0.1.2 53.00 OK
r-release-windows-x86_64 0.1.2 19.00 111.00 130.00 OK
r-oldrel-macos-arm64 0.1.2 43.00 OK
r-oldrel-macos-x86_64 0.1.2 64.00 OK
r-oldrel-windows-ix86+x86_64 0.1.2 17.00 111.00 128.00 OK

Check Details

Version: 0.1.1
Check: LazyData
Result: NOTE
     'LazyData' is specified without a 'data' directory
Flavor: r-devel-windows-x86_64