CRAN Package Check Results for Package ggstatsplot

Last updated on 2022-07-04 23:53:24 CEST.

Flavor Version Tinstall Tcheck Ttotal Status Flags
r-devel-linux-x86_64-debian-clang 0.9.3 10.15 402.36 412.51 OK
r-devel-linux-x86_64-debian-gcc 0.9.3 7.72 282.10 289.82 OK
r-devel-linux-x86_64-fedora-clang 0.9.3 460.72 WARN
r-devel-linux-x86_64-fedora-gcc 0.9.3 470.33 WARN
r-devel-windows-x86_64 0.9.3 181.00 316.00 497.00 OK
r-patched-linux-x86_64 0.9.3 7.96 372.84 380.80 OK
r-release-linux-x86_64 0.9.3 6.66 368.12 374.78 NOTE
r-release-macos-arm64 0.9.3 6.00 ERROR
r-release-macos-x86_64 0.9.3 131.00 OK
r-release-windows-x86_64 0.9.3 294.00 311.00 605.00 OK
r-oldrel-macos-arm64 0.9.3 88.00 OK
r-oldrel-macos-x86_64 0.9.3 131.00 OK
r-oldrel-windows-ix86+x86_64 0.9.3 33.00 307.00 340.00 OK

Check Details

Version: 0.9.3
Check: package dependencies
Result: WARN
    Requires (indirectly) orphaned package: ‘gtools’
Flavors: r-devel-linux-x86_64-fedora-clang, r-devel-linux-x86_64-fedora-gcc

Version: 0.9.3
Check: package dependencies
Result: NOTE
    Package suggested but not available for checking: ‘metaBMA’
Flavor: r-release-linux-x86_64

Version: 0.9.3
Check: package dependencies
Result: ERROR
    Packages required and available but unsuitable versions:
     'correlation', 'insight', 'parameters', 'statsExpressions'
    
    See section ‘The DESCRIPTION file’ in the ‘Writing R Extensions’
    manual.
Flavor: r-release-macos-arm64