Last updated on 2023-06-02 01:00:27 CEST.
Flavor | Version | Tinstall | Tcheck | Ttotal | Status | Flags |
---|---|---|---|---|---|---|
r-devel-linux-x86_64-debian-clang | 1.2 | 19.94 | 140.06 | 160.00 | OK | |
r-devel-linux-x86_64-debian-gcc | 1.2 | 15.10 | 105.53 | 120.63 | OK | |
r-devel-linux-x86_64-fedora-clang | 1.2 | 197.94 | NOTE | |||
r-devel-linux-x86_64-fedora-gcc | 1.2 | 195.70 | OK | |||
r-devel-windows-x86_64 | 1.2 | 20.00 | 108.00 | 128.00 | NOTE | |
r-patched-linux-x86_64 | 1.2 | OK | ||||
r-release-linux-x86_64 | 1.2 | 19.48 | 128.70 | 148.18 | OK | |
r-release-macos-arm64 | 1.2 | 57.00 | NOTE | |||
r-release-macos-x86_64 | 1.2 | 91.00 | NOTE | |||
r-release-windows-x86_64 | 1.2 | 25.00 | 128.00 | 153.00 | NOTE | |
r-oldrel-macos-arm64 | 1.2 | 55.00 | NOTE | |||
r-oldrel-macos-x86_64 | 1.2 | 75.00 | NOTE | |||
r-oldrel-windows-x86_64 | 1.2 | 28.00 | 135.00 | 163.00 | NOTE |
Version: 1.2
Check: installed package size
Result: NOTE
installed size is 9.4Mb
sub-directories of 1Mb or more:
extdata 9.1Mb
Flavors: r-devel-linux-x86_64-fedora-clang, r-devel-windows-x86_64, r-release-macos-arm64, r-release-macos-x86_64, r-release-windows-x86_64, r-oldrel-macos-arm64, r-oldrel-macos-x86_64, r-oldrel-windows-x86_64