Last updated on 2022-06-24 23:50:12 CEST.
Flavor | Version | Tinstall | Tcheck | Ttotal | Status | Flags |
---|---|---|---|---|---|---|
r-devel-linux-x86_64-debian-clang | 2.0.5 | 87.03 | 222.62 | 309.65 | OK | |
r-devel-linux-x86_64-debian-gcc | 2.0.5 | 70.02 | 161.79 | 231.81 | OK | |
r-devel-linux-x86_64-fedora-clang | 2.0.5 | 400.56 | NOTE | |||
r-devel-linux-x86_64-fedora-gcc | 2.0.5 | 372.76 | OK | |||
r-devel-windows-x86_64 | 2.0.5 | 125.00 | 332.00 | 457.00 | NOTE | |
r-patched-linux-x86_64 | 2.0.5 | 63.08 | 205.92 | 269.00 | OK | |
r-release-linux-x86_64 | 2.0.5 | 59.40 | 202.98 | 262.38 | OK | |
r-release-macos-arm64 | 2.0.5 | 100.00 | NOTE | |||
r-release-macos-x86_64 | 2.0.5 | 172.00 | NOTE | |||
r-release-windows-x86_64 | 2.0.5 | 125.00 | 333.00 | 458.00 | NOTE | |
r-oldrel-macos-arm64 | 2.0.5 | 148.00 | NOTE | |||
r-oldrel-macos-x86_64 | 2.0.5 | 145.00 | NOTE | |||
r-oldrel-windows-ix86+x86_64 | 2.0.5 | 198.00 | 395.00 | 593.00 | NOTE |
Version: 2.0.5
Check: installed package size
Result: NOTE
installed size is 6.9Mb
sub-directories of 1Mb or more:
doc 3.6Mb
libs 2.0Mb
Flavors: r-devel-linux-x86_64-fedora-clang, r-devel-windows-x86_64, r-release-macos-arm64, r-release-macos-x86_64, r-release-windows-x86_64, r-oldrel-macos-arm64, r-oldrel-macos-x86_64, r-oldrel-windows-ix86+x86_64