CRAN Package Check Results for Package ggplotify

Last updated on 2022-11-30 23:54:40 CET.

Flavor Version Tinstall Tcheck Ttotal Status Flags
r-devel-linux-x86_64-debian-clang 0.1.0 5.14 65.38 70.52 NOTE
r-devel-linux-x86_64-debian-gcc 0.1.0 4.40 47.40 51.80 NOTE
r-devel-linux-x86_64-fedora-clang 0.1.0 96.61 NOTE
r-devel-linux-x86_64-fedora-gcc 0.1.0 107.47 NOTE
r-devel-windows-x86_64 0.1.0 23.00 95.00 118.00 NOTE
r-patched-linux-x86_64 0.1.0 5.47 58.98 64.45 OK
r-release-linux-x86_64 0.1.0 5.08 60.29 65.37 OK
r-release-macos-arm64 0.1.0 27.00 OK
r-release-macos-x86_64 0.1.0 41.00 OK
r-release-windows-x86_64 0.1.0 18.00 98.00 116.00 OK
r-oldrel-macos-arm64 0.1.0 47.00 OK
r-oldrel-macos-x86_64 0.1.0 37.00 OK
r-oldrel-windows-ix86+x86_64 0.1.0 15.00 90.00 105.00 OK

Check Details

Version: 0.1.0
Check: package subdirectories
Result: NOTE
    Problems with news in 'NEWS.md':
     Cannot extract version info from the following section titles:
     History
Flavors: r-devel-linux-x86_64-debian-clang, r-devel-linux-x86_64-debian-gcc, r-devel-linux-x86_64-fedora-clang, r-devel-linux-x86_64-fedora-gcc, r-devel-windows-x86_64