Last updated on 2022-07-05 23:55:41 CEST.
Flavor | Version | Tinstall | Tcheck | Ttotal | Status | Flags |
---|---|---|---|---|---|---|
r-devel-linux-x86_64-debian-clang | 0.1.1 | 2.46 | 22.59 | 25.05 | OK | |
r-devel-linux-x86_64-debian-gcc | 0.1.1 | 1.57 | 17.75 | 19.32 | OK | |
r-devel-linux-x86_64-fedora-clang | 0.1.1 | 41.01 | NOTE | |||
r-devel-linux-x86_64-fedora-gcc | 0.1.1 | 40.14 | OK | |||
r-devel-windows-x86_64 | 0.1.1 | 10.00 | 56.00 | 66.00 | OK | |
r-patched-linux-x86_64 | 0.1.1 | 2.35 | 22.35 | 24.70 | OK | |
r-release-linux-x86_64 | 0.1.1 | 1.42 | 22.10 | 23.52 | OK | |
r-release-macos-arm64 | 0.1.1 | 14.00 | OK | |||
r-release-macos-x86_64 | 0.1.1 | 19.00 | OK | |||
r-release-windows-x86_64 | 0.1.1 | 6.00 | 48.00 | 54.00 | OK | |
r-oldrel-macos-arm64 | 0.1.1 | 18.00 | OK | |||
r-oldrel-macos-x86_64 | 0.1.1 | 30.00 | OK | |||
r-oldrel-windows-ix86+x86_64 | 0.1.1 | 6.00 | 41.00 | 47.00 | OK |
Version: 0.1.1
Check: Rd cross-references
Result: NOTE
Undeclared package ‘dwlm’ in Rd xrefs
Flavor: r-devel-linux-x86_64-fedora-clang