CRAN Package Check Results for Package ggm

Last updated on 2021-01-27 23:49:20 CET.

Flavor Version Tinstall Tcheck Ttotal Status Flags
r-devel-linux-x86_64-debian-clang 2.5 9.54 74.08 83.62 OK
r-devel-linux-x86_64-debian-gcc 2.5 OK
r-devel-linux-x86_64-fedora-clang 2.5 107.88 NOTE
r-devel-linux-x86_64-fedora-gcc 2.5 98.23 NOTE
r-devel-windows-ix86+x86_64 2.5 15.00 95.00 110.00 OK
r-patched-linux-x86_64 2.5 8.75 70.68 79.43 OK
r-patched-solaris-x86 2.5 117.30 NOTE
r-release-linux-x86_64 2.5 8.41 69.64 78.05 OK
r-release-macos-x86_64 2.5 NOTE
r-release-windows-ix86+x86_64 2.5 17.00 67.00 84.00 OK
r-oldrel-macos-x86_64 2.5 NOTE
r-oldrel-windows-ix86+x86_64 2.5 12.00 84.00 96.00 OK

Check Details

Version: 2.5
Check: dependencies in R code
Result: NOTE
    Namespace in Imports field not imported from: ‘graph’
     All declared Imports should be used.
Flavors: r-devel-linux-x86_64-fedora-clang, r-devel-linux-x86_64-fedora-gcc, r-patched-solaris-x86, r-release-macos-x86_64, r-oldrel-macos-x86_64