CRAN Package Check Results for Package gggap

Last updated on 2022-12-02 23:50:29 CET.

Flavor Version Tinstall Tcheck Ttotal Status Flags
r-devel-linux-x86_64-debian-clang 1.0.1 5.11 57.46 62.57 NOTE
r-devel-linux-x86_64-debian-gcc 1.0.1 3.73 42.27 46.00 NOTE
r-devel-linux-x86_64-fedora-clang 1.0.1 86.23 NOTE
r-devel-linux-x86_64-fedora-gcc 1.0.1 82.25 NOTE
r-devel-windows-x86_64 1.0.1 19.00 85.00 104.00 NOTE
r-patched-linux-x86_64 1.0.1 3.74 52.59 56.33 NOTE
r-release-linux-x86_64 1.0.1 5.60 54.38 59.98 NOTE
r-release-macos-arm64 1.0.1 23.00 NOTE
r-release-macos-x86_64 1.0.1 41.00 NOTE
r-release-windows-x86_64 1.0.1 11.00 86.00 97.00 NOTE
r-oldrel-macos-arm64 1.0.1 29.00 NOTE
r-oldrel-macos-x86_64 1.0.1 36.00 NOTE
r-oldrel-windows-ix86+x86_64 1.0.1 14.00 77.00 91.00 NOTE

Check Details

Version: 1.0.1
Check: LazyData
Result: NOTE
     'LazyData' is specified without a 'data' directory
Flavors: r-devel-linux-x86_64-debian-clang, r-devel-linux-x86_64-debian-gcc, r-devel-linux-x86_64-fedora-clang, r-devel-linux-x86_64-fedora-gcc, r-devel-windows-x86_64, r-patched-linux-x86_64, r-release-linux-x86_64, r-release-macos-arm64, r-release-macos-x86_64, r-release-windows-x86_64, r-oldrel-macos-arm64, r-oldrel-macos-x86_64, r-oldrel-windows-ix86+x86_64