CRAN Package Check Results for Package ggformula

Last updated on 2019-09-15 23:46:20 CEST.

Flavor Version Tinstall Tcheck Ttotal Status Flags
r-devel-linux-x86_64-debian-clang 0.9.2 17.74 313.70 331.44 OK
r-devel-linux-x86_64-debian-gcc 0.9.2 15.12 234.60 249.72 OK
r-devel-linux-x86_64-fedora-clang 0.9.2 370.53 NOTE
r-devel-linux-x86_64-fedora-gcc 0.9.2 367.59 NOTE
r-devel-windows-ix86+x86_64 0.9.2 41.00 469.00 510.00 OK
r-patched-linux-x86_64 0.9.2 16.08 302.86 318.94 OK
r-patched-solaris-x86 0.9.2 458.50 NOTE
r-release-linux-x86_64 0.9.2 16.75 300.56 317.31 OK
r-release-windows-ix86+x86_64 0.9.2 22.00 540.00 562.00 OK
r-release-osx-x86_64 0.9.2 NOTE
r-oldrel-windows-ix86+x86_64 0.9.2 31.00 475.00 506.00 OK
r-oldrel-osx-x86_64 0.9.2 NOTE

Check Details

Version: 0.9.2
Check: dependencies in R code
Result: NOTE
    Namespace in Imports field not imported from: ‘tidyr’
     All declared Imports should be used.
Flavors: r-devel-linux-x86_64-fedora-clang, r-devel-linux-x86_64-fedora-gcc, r-patched-solaris-x86, r-release-osx-x86_64, r-oldrel-osx-x86_64

Version: 0.9.2
Check: installed package size
Result: NOTE
     installed size is 5.2Mb
     sub-directories of 1Mb or more:
     doc 2.8Mb
     tutorials 1.0Mb
Flavor: r-patched-solaris-x86