CRAN Package Check Results for Package ggfan

Last updated on 2019-11-10 23:48:27 CET.

Flavor Version Tinstall Tcheck Ttotal Status Flags
r-devel-linux-x86_64-debian-clang 0.1.3 7.45 94.52 101.97 OK
r-devel-linux-x86_64-debian-gcc 0.1.3 6.45 69.17 75.62 OK
r-devel-linux-x86_64-fedora-clang 0.1.3 117.84 NOTE
r-devel-linux-x86_64-fedora-gcc 0.1.3 116.83 NOTE
r-devel-windows-ix86+x86_64 0.1.3 17.00 109.00 126.00 OK
r-patched-linux-x86_64 0.1.3 8.31 90.11 98.42 OK
r-patched-solaris-x86 0.1.3 163.90 NOTE
r-release-linux-x86_64 0.1.3 7.15 90.65 97.80 OK
r-release-windows-ix86+x86_64 0.1.3 19.00 140.00 159.00 OK
r-release-osx-x86_64 0.1.3 NOTE
r-oldrel-windows-ix86+x86_64 0.1.3 11.00 144.00 155.00 OK
r-oldrel-osx-x86_64 0.1.3 NOTE

Check Details

Version: 0.1.3
Check: dependencies in R code
Result: NOTE
    Namespaces in Imports field not imported from:
     ‘colorspace’ ‘grid’ ‘rstan’
     All declared Imports should be used.
Flavors: r-devel-linux-x86_64-fedora-clang, r-devel-linux-x86_64-fedora-gcc, r-patched-solaris-x86, r-release-osx-x86_64, r-oldrel-osx-x86_64