CRAN Package Check Results for Package ggfan

Last updated on 2019-07-15 00:50:32 CEST.

Flavor Version Tinstall Tcheck Ttotal Status Flags
r-devel-linux-x86_64-debian-clang 0.1.3 7.44 92.22 99.66 OK
r-devel-linux-x86_64-debian-gcc 0.1.3 6.67 70.09 76.76 OK
r-devel-linux-x86_64-fedora-clang 0.1.3 114.28 NOTE
r-devel-linux-x86_64-fedora-gcc 0.1.3 118.59 NOTE
r-devel-windows-ix86+x86_64 0.1.3 13.00 110.00 123.00 OK
r-patched-linux-x86_64 0.1.3 7.74 90.38 98.12 OK
r-patched-solaris-x86 0.1.3 171.30 NOTE
r-release-linux-x86_64 0.1.3 6.22 90.37 96.59 OK
r-release-windows-ix86+x86_64 0.1.3 14.00 101.00 115.00 OK
r-release-osx-x86_64 0.1.3 NOTE
r-oldrel-windows-ix86+x86_64 0.1.3 15.00 148.00 163.00 OK
r-oldrel-osx-x86_64 0.1.3 NOTE

Check Details

Version: 0.1.3
Check: dependencies in R code
Result: NOTE
    Namespaces in Imports field not imported from:
     ‘colorspace’ ‘grid’ ‘rstan’
     All declared Imports should be used.
Flavors: r-devel-linux-x86_64-fedora-clang, r-devel-linux-x86_64-fedora-gcc, r-patched-solaris-x86, r-release-osx-x86_64, r-oldrel-osx-x86_64