CRAN Package Check Results for Package ggfan

Last updated on 2023-06-04 00:54:32 CEST.

Flavor Version Tinstall Tcheck Ttotal Status Flags
r-devel-linux-x86_64-debian-clang 0.1.3 9.55 112.82 122.37 OK
r-devel-linux-x86_64-debian-gcc 0.1.3 6.55 83.79 90.34 OK
r-devel-linux-x86_64-fedora-clang 0.1.3 150.22 NOTE
r-devel-linux-x86_64-fedora-gcc 0.1.3 164.44 NOTE
r-devel-windows-x86_64 0.1.3 10.00 98.00 108.00 OK
r-patched-linux-x86_64 0.1.3 OK
r-release-linux-x86_64 0.1.3 10.25 107.51 117.76 OK
r-release-macos-arm64 0.1.3 52.00 OK
r-release-macos-x86_64 0.1.3 88.00 OK
r-release-windows-x86_64 0.1.3 14.00 119.00 133.00 OK
r-oldrel-macos-arm64 0.1.3 49.00 NOTE
r-oldrel-macos-x86_64 0.1.3 111.00 NOTE
r-oldrel-windows-x86_64 0.1.3 14.00 125.00 139.00 OK

Check Details

Version: 0.1.3
Check: dependencies in R code
Result: NOTE
    Namespaces in Imports field not imported from:
     ‘colorspace’ ‘grid’ ‘rstan’
     All declared Imports should be used.
Flavors: r-devel-linux-x86_64-fedora-clang, r-devel-linux-x86_64-fedora-gcc, r-oldrel-macos-arm64, r-oldrel-macos-x86_64