CRAN Package Check Results for Package ggbeeswarm

Last updated on 2024-07-16 00:56:00 CEST.

Flavor Version Tinstall Tcheck Ttotal Status Flags
r-devel-linux-x86_64-debian-clang 0.7.2 6.32 72.78 79.10 OK
r-devel-linux-x86_64-debian-gcc 0.7.2 4.37 54.10 58.47 OK
r-devel-linux-x86_64-fedora-clang 0.7.2 98.16 OK
r-devel-linux-x86_64-fedora-gcc 0.7.2 102.43 OK
r-devel-windows-x86_64 0.7.2 8.00 82.00 90.00 NOTE
r-patched-linux-x86_64 0.7.2 8.73 68.00 76.73 OK
r-release-linux-x86_64 0.7.2 4.51 69.48 73.99 OK
r-release-macos-arm64 0.7.2 42.00 OK
r-release-macos-x86_64 0.7.2 56.00 OK
r-release-windows-x86_64 0.7.2 7.00 82.00 89.00 OK
r-oldrel-macos-arm64 0.7.2 39.00 OK
r-oldrel-macos-x86_64 0.7.2 79.00 OK
r-oldrel-windows-x86_64 0.7.2 9.00 90.00 99.00 OK

Check Details

Version: 0.7.2
Check: Rd cross-references
Result: NOTE Found the following Rd file(s) with Rd \link{} targets missing package anchors: geom_quasirandom.Rd: geom_boxplot Please provide package anchors for all Rd \link{} targets not in the package itself and the base packages. Flavor: r-devel-windows-x86_64