CRAN Package Check Results for Package ggOceanMaps

Last updated on 2022-11-29 22:53:37 CET.

Flavor Version Tinstall Tcheck Ttotal Status Flags
r-devel-linux-x86_64-debian-clang 1.3.4 36.26 319.38 355.64 NOTE
r-devel-linux-x86_64-debian-gcc 1.3.4 29.03 233.72 262.75 NOTE
r-devel-linux-x86_64-fedora-clang 1.3.4 461.06 NOTE
r-devel-linux-x86_64-fedora-gcc 1.3.4 465.24 NOTE
r-devel-windows-x86_64 1.3.4 48.00 319.00 367.00 NOTE
r-patched-linux-x86_64 1.3.4 35.41 307.47 342.88 NOTE
r-release-linux-x86_64 1.3.4 33.80 313.20 347.00 NOTE
r-release-macos-arm64 1.3.4 96.00 NOTE
r-release-macos-x86_64 1.3.4 124.00 NOTE
r-release-windows-x86_64 1.3.4 76.00 324.00 400.00 NOTE
r-oldrel-macos-arm64 1.3.4 99.00 NOTE
r-oldrel-macos-x86_64 1.3.4 123.00 NOTE
r-oldrel-windows-ix86+x86_64 1.3.4 80.00 319.00 399.00 NOTE

Check Details

Version: 1.3.4
Check: package dependencies
Result: NOTE
    Package suggested but not available for checking: 'ggOceanMapsData'
Flavors: r-devel-linux-x86_64-debian-clang, r-devel-linux-x86_64-debian-gcc, r-devel-linux-x86_64-fedora-clang, r-devel-linux-x86_64-fedora-gcc, r-devel-windows-x86_64, r-patched-linux-x86_64, r-release-linux-x86_64, r-release-macos-arm64, r-release-macos-x86_64, r-release-windows-x86_64, r-oldrel-macos-arm64, r-oldrel-macos-x86_64, r-oldrel-windows-ix86+x86_64