CRAN Package Check Results for Package gg.gap

Last updated on 2022-12-02 23:50:29 CET.

Flavor Version Tinstall Tcheck Ttotal Status Flags
r-devel-linux-x86_64-debian-clang 1.3 4.86 56.08 60.94 NOTE
r-devel-linux-x86_64-debian-gcc 1.3 3.83 41.88 45.71 NOTE
r-devel-linux-x86_64-fedora-clang 1.3 86.32 NOTE
r-devel-linux-x86_64-fedora-gcc 1.3 82.09 NOTE
r-devel-windows-x86_64 1.3 13.00 81.00 94.00 NOTE
r-patched-linux-x86_64 1.3 5.09 52.86 57.95 NOTE
r-release-linux-x86_64 1.3 5.32 52.38 57.70 NOTE
r-release-macos-arm64 1.3 23.00 NOTE
r-release-macos-x86_64 1.3 42.00 NOTE
r-release-windows-x86_64 1.3 10.00 86.00 96.00 NOTE
r-oldrel-macos-arm64 1.3 27.00 NOTE
r-oldrel-macos-x86_64 1.3 37.00 NOTE
r-oldrel-windows-ix86+x86_64 1.3 14.00 78.00 92.00 NOTE

Check Details

Version: 1.3
Check: LazyData
Result: NOTE
     'LazyData' is specified without a 'data' directory
Flavors: r-devel-linux-x86_64-debian-clang, r-devel-linux-x86_64-debian-gcc, r-devel-linux-x86_64-fedora-clang, r-devel-linux-x86_64-fedora-gcc, r-devel-windows-x86_64, r-patched-linux-x86_64, r-release-linux-x86_64, r-release-macos-arm64, r-release-macos-x86_64, r-release-windows-x86_64, r-oldrel-macos-arm64, r-oldrel-macos-x86_64, r-oldrel-windows-ix86+x86_64