CRAN Package Check Results for Package gfer

Last updated on 2024-06-13 00:55:15 CEST.

Flavor Version Tinstall Tcheck Ttotal Status Flags
r-devel-linux-x86_64-debian-clang 0.1.12 10.95 79.56 90.51 OK
r-devel-linux-x86_64-debian-gcc 0.1.12 0.40 1.92 2.32 ERROR
r-devel-linux-x86_64-fedora-clang 0.1.12 121.39 NOTE
r-devel-linux-x86_64-fedora-gcc 0.1.12 124.26 NOTE
r-devel-windows-x86_64 0.1.12 10.00 87.00 97.00 OK
r-patched-linux-x86_64 0.1.12 9.01 77.90 86.91 OK
r-release-linux-x86_64 0.1.12 6.49 75.65 82.14 OK
r-release-macos-arm64 0.1.12 39.00 OK
r-release-macos-x86_64 0.1.12 62.00 OK
r-release-windows-x86_64 0.1.12 9.00 108.00 117.00 OK
r-oldrel-macos-arm64 0.1.12 38.00 OK
r-oldrel-macos-x86_64 0.1.12 61.00 OK
r-oldrel-windows-x86_64 0.1.12 13.00 100.00 113.00 OK

Check Details

Version: 0.1.12
Check: package dependencies
Result: ERROR Packages required but not available: 'rvest', 'tidyr', 'scatterpie', 'ggplot2', 'ggrepel', 'googlesheets4', 'gsheet' See section ‘The DESCRIPTION file’ in the ‘Writing R Extensions’ manual. Flavor: r-devel-linux-x86_64-debian-gcc

Version: 0.1.12
Check: dependencies in R code
Result: NOTE Namespaces in Imports field not imported from: ‘googlesheets4’ ‘tidyr’ All declared Imports should be used. Flavors: r-devel-linux-x86_64-fedora-clang, r-devel-linux-x86_64-fedora-gcc