CRAN Package Check Results for Package gexp

Last updated on 2023-01-30 00:31:13 CET.

Flavor Version Tinstall Tcheck Ttotal Status Flags
r-devel-linux-x86_64-debian-clang 1.0-1 6.07 44.96 51.03 NOTE
r-devel-linux-x86_64-debian-gcc 1.0-1 3.45 33.73 37.18 NOTE
r-devel-linux-x86_64-fedora-clang 1.0-1 62.97 NOTE
r-devel-linux-x86_64-fedora-gcc 1.0-1 71.94 NOTE
r-devel-windows-x86_64 1.0-1 21.00 80.00 101.00 NOTE
r-patched-linux-x86_64 1.0-1 6.52 47.08 53.60 OK
r-release-linux-x86_64 1.0-1 5.90 47.62 53.52 OK
r-release-macos-arm64 1.0-1 35.00 OK
r-release-macos-x86_64 1.0-1 44.00 OK
r-release-windows-x86_64 1.0-1 12.00 73.00 85.00 OK
r-oldrel-macos-arm64 1.0-1 49.00 OK
r-oldrel-macos-x86_64 1.0-1 60.00 OK
r-oldrel-windows-ix86+x86_64 1.0-1 10.00 73.00 83.00 OK

Check Details

Version: 1.0-1
Check: Rd files
Result: NOTE
    checkRd: (-1) gexp.Rd:123: Escaped LaTeX specials: \&
Flavors: r-devel-linux-x86_64-debian-clang, r-devel-linux-x86_64-debian-gcc, r-devel-linux-x86_64-fedora-clang, r-devel-linux-x86_64-fedora-gcc, r-devel-windows-x86_64