CRAN Package Check Results for Package gepaf

Last updated on 2024-06-25 00:58:00 CEST.

Flavor Version Tinstall Tcheck Ttotal Status Flags
r-devel-linux-x86_64-debian-clang 0.1.1 2.19 20.14 22.33 NOTE
r-devel-linux-x86_64-debian-gcc 0.1.1 1.60 16.11 17.71 NOTE
r-devel-linux-x86_64-fedora-clang 0.1.1 28.70 NOTE
r-devel-linux-x86_64-fedora-gcc 0.1.1 26.59 NOTE
r-devel-windows-x86_64 0.1.1 4.00 37.00 41.00 NOTE
r-patched-linux-x86_64 0.1.1 1.89 19.33 21.22 NOTE
r-release-linux-x86_64 0.1.1 2.02 19.19 21.21 NOTE
r-release-macos-arm64 0.1.1 14.00 NOTE
r-release-macos-x86_64 0.1.1 19.00 NOTE
r-release-windows-x86_64 0.1.1 2.00 36.00 38.00 NOTE
r-oldrel-macos-arm64 0.1.1 14.00 NOTE
r-oldrel-macos-x86_64 0.1.1 19.00 NOTE
r-oldrel-windows-x86_64 0.1.1 3.00 36.00 39.00 NOTE

Check Details

Version: 0.1.1
Check: LazyData
Result: NOTE 'LazyData' is specified without a 'data' directory Flavors: r-devel-linux-x86_64-debian-clang, r-devel-linux-x86_64-debian-gcc, r-devel-linux-x86_64-fedora-clang, r-devel-linux-x86_64-fedora-gcc, r-devel-windows-x86_64, r-patched-linux-x86_64, r-release-linux-x86_64, r-release-macos-arm64, r-release-macos-x86_64, r-release-windows-x86_64, r-oldrel-macos-arm64, r-oldrel-macos-x86_64, r-oldrel-windows-x86_64