CRAN Package Check Results for Package geostatsp

Last updated on 2019-07-15 00:50:32 CEST.

Flavor Version Tinstall Tcheck Ttotal Status Flags
r-devel-linux-x86_64-debian-clang 1.7.8 21.64 408.84 430.48 NOTE
r-devel-linux-x86_64-debian-gcc 1.7.8 21.07 312.62 333.69 NOTE
r-devel-linux-x86_64-fedora-clang 1.7.8 744.32 NOTE
r-devel-linux-x86_64-fedora-gcc 1.7.8 782.74 OK
r-devel-windows-ix86+x86_64 1.7.8 45.00 571.00 616.00 NOTE
r-patched-linux-x86_64 1.7.8 23.72 406.35 430.07 NOTE
r-patched-solaris-x86 1.7.8 815.60 NOTE
r-release-linux-x86_64 1.7.8 24.45 406.92 431.37 NOTE
r-release-windows-ix86+x86_64 1.7.8 46.00 690.00 736.00 NOTE
r-release-osx-x86_64 1.7.8 NOTE
r-oldrel-windows-ix86+x86_64 1.7.8 48.00 521.00 569.00 NOTE
r-oldrel-osx-x86_64 1.7.8 NOTE

Additional issues

ATLAS

Check Details

Version: 1.7.8
Check: package dependencies
Result: NOTE
    Package which this enhances but not available for checking: 'INLA'
Flavors: r-devel-linux-x86_64-debian-clang, r-devel-linux-x86_64-debian-gcc, r-patched-linux-x86_64, r-patched-solaris-x86, r-release-linux-x86_64, r-release-osx-x86_64, r-oldrel-osx-x86_64

Version: 1.7.8
Check: installed package size
Result: NOTE
     installed size is 5.3Mb
     sub-directories of 1Mb or more:
     data 3.8Mb
Flavors: r-devel-linux-x86_64-fedora-clang, r-devel-windows-ix86+x86_64, r-patched-solaris-x86, r-release-windows-ix86+x86_64, r-release-osx-x86_64, r-oldrel-windows-ix86+x86_64, r-oldrel-osx-x86_64