CRAN Package Check Results for Package geostan

Last updated on 2023-01-28 23:51:39 CET.

Flavor Version Tinstall Tcheck Ttotal Status Flags
r-devel-linux-x86_64-debian-clang 0.4.1 230.42 386.42 616.84 NOTE
r-devel-linux-x86_64-debian-gcc 0.4.1 184.12 299.16 483.28 NOTE
r-devel-linux-x86_64-fedora-clang 0.4.1 769.59 NOTE
r-devel-linux-x86_64-fedora-gcc 0.4.1 854.91 NOTE
r-devel-windows-x86_64 0.4.1 409.00 501.00 910.00 NOTE
r-patched-linux-x86_64 0.4.1 177.96 383.04 561.00 NOTE
r-release-linux-x86_64 0.4.1 179.25 377.28 556.53 NOTE
r-release-macos-arm64 0.4.1 266.00 NOTE
r-release-macos-x86_64 0.4.1 304.00 NOTE
r-release-windows-x86_64 0.4.1 202.00 470.00 672.00 NOTE
r-oldrel-macos-arm64 0.4.1 238.00 NOTE
r-oldrel-macos-x86_64 0.4.1 296.00 NOTE
r-oldrel-windows-ix86+x86_64 0.4.1 423.00 614.00 1037.00 NOTE

Check Details

Version: 0.4.1
Check: for GNU extensions in Makefiles
Result: NOTE
    GNU make is a SystemRequirements.
Flavors: r-devel-linux-x86_64-debian-clang, r-devel-linux-x86_64-debian-gcc, r-devel-linux-x86_64-fedora-clang, r-devel-linux-x86_64-fedora-gcc, r-devel-windows-x86_64, r-patched-linux-x86_64, r-release-linux-x86_64, r-release-macos-arm64, r-release-macos-x86_64, r-release-windows-x86_64, r-oldrel-macos-arm64, r-oldrel-macos-x86_64, r-oldrel-windows-ix86+x86_64

Version: 0.4.1
Check: C++ specification
Result: NOTE
     Specified C++14: please update to current default of C++17
Flavors: r-devel-linux-x86_64-debian-gcc, r-devel-linux-x86_64-fedora-gcc

Version: 0.4.1
Check: dependencies in R code
Result: NOTE
    Namespaces in Imports field not imported from:
     ‘RcppParallel’ ‘rstantools’
     All declared Imports should be used.
Flavors: r-devel-linux-x86_64-fedora-clang, r-devel-linux-x86_64-fedora-gcc, r-release-macos-arm64, r-release-macos-x86_64, r-oldrel-macos-arm64, r-oldrel-macos-x86_64

Version: 0.4.1
Check: Rd cross-references
Result: NOTE
    Undeclared package ‘loo’ in Rd xrefs
Flavor: r-devel-linux-x86_64-fedora-clang

Version: 0.4.1
Check: installed package size
Result: NOTE
     installed size is 50.0Mb
     sub-directories of 1Mb or more:
     libs 48.4Mb
Flavors: r-release-macos-arm64, r-release-macos-x86_64, r-oldrel-macos-arm64, r-oldrel-macos-x86_64, r-oldrel-windows-ix86+x86_64