Last updated on 2023-04-02 00:57:33 CEST.
Flavor | Version | Tinstall | Tcheck | Ttotal | Status | Flags |
---|---|---|---|---|---|---|
r-devel-linux-x86_64-debian-clang | 0.4.1 | 7.15 | 70.26 | 77.41 | OK | |
r-devel-linux-x86_64-debian-gcc | 0.4.1 | 4.78 | 52.44 | 57.22 | OK | |
r-devel-linux-x86_64-fedora-clang | 0.4.1 | 93.04 | NOTE | |||
r-devel-linux-x86_64-fedora-gcc | 0.4.1 | 88.29 | OK | |||
r-devel-windows-x86_64 | 0.4.1 | 11.00 | 97.00 | 108.00 | OK | |
r-patched-linux-x86_64 | 0.4.1 | 9.06 | 64.50 | 73.56 | OK | |
r-release-linux-x86_64 | 0.4.1 | 5.81 | 67.31 | 73.12 | OK | |
r-release-macos-arm64 | 0.4.1 | 29.00 | OK | |||
r-release-macos-x86_64 | 0.4.1 | 43.00 | OK | |||
r-release-windows-x86_64 | 0.4.1 | 22.00 | 96.00 | 118.00 | OK | |
r-oldrel-macos-arm64 | 0.4.1 | 41.00 | OK | |||
r-oldrel-macos-x86_64 | 0.4.1 | 42.00 | OK | |||
r-oldrel-windows-ix86+x86_64 | 0.4.1 | 18.00 | 92.00 | 110.00 | OK |
Version: 0.4.1
Check: Rd cross-references
Result: NOTE
Undeclared package ‘ggmap’ in Rd xrefs
Flavor: r-devel-linux-x86_64-fedora-clang