CRAN Package Check Results for Package geodiv

Last updated on 2021-12-04 23:50:33 CET.

Flavor Version Tinstall Tcheck Ttotal Status Flags
r-devel-linux-x86_64-debian-clang 1.0.4 54.34 716.72 771.06 OK
r-devel-linux-x86_64-debian-gcc 1.0.4 42.50 505.53 548.03 OK
r-devel-linux-x86_64-fedora-clang 1.0.4 917.07 NOTE
r-devel-linux-x86_64-fedora-gcc 1.0.4 889.03 NOTE
r-devel-windows-x86_64-new-UL 1.0.4 86.00 1112.00 1198.00 OK
r-devel-windows-x86_64-new-TK 1.0.4 NOTE
r-devel-windows-x86_64-old 1.0.4 78.00 619.00 697.00 OK
r-patched-linux-x86_64 1.0.4 47.23 679.57 726.80 OK
r-release-linux-x86_64 1.0.4 52.88 680.68 733.56 OK
r-release-macos-arm64 1.0.4 NOTE
r-release-macos-x86_64 1.0.4 NOTE
r-release-windows-ix86+x86_64 1.0.4 130.00 1035.00 1165.00 OK
r-oldrel-macos-x86_64 1.0.4 NOTE
r-oldrel-windows-ix86+x86_64 1.0.4 133.00 1084.00 1217.00 OK

Check Details

Version: 1.0.4
Check: dependencies in R code
Result: NOTE
    Namespaces in Imports field not imported from:
     ‘phonTools’ ‘rgdal’ ‘rgeos’
     All declared Imports should be used.
Flavors: r-devel-linux-x86_64-fedora-clang, r-devel-linux-x86_64-fedora-gcc, r-devel-windows-x86_64-new-TK, r-release-macos-arm64, r-release-macos-x86_64, r-oldrel-macos-x86_64