Last updated on 2022-06-25 23:56:18 CEST.
Flavor | Version | Tinstall | Tcheck | Ttotal | Status | Flags |
---|---|---|---|---|---|---|
r-devel-linux-x86_64-debian-clang | 0.1-2 | 13.68 | 87.05 | 100.73 | NOTE | |
r-devel-linux-x86_64-debian-gcc | 0.1-2 | 11.06 | 67.18 | 78.24 | NOTE | |
r-devel-linux-x86_64-fedora-clang | 0.1-2 | 132.24 | NOTE | |||
r-devel-linux-x86_64-fedora-gcc | 0.1-2 | 129.54 | NOTE | |||
r-devel-windows-x86_64 | 0.1-2 | 16.00 | 108.00 | 124.00 | NOTE | |
r-patched-linux-x86_64 | 0.1-2 | 12.26 | 83.44 | 95.70 | OK | |
r-release-linux-x86_64 | 0.1-2 | 11.50 | 84.42 | 95.92 | OK | |
r-release-macos-arm64 | 0.1-2 | 39.00 | OK | |||
r-release-macos-x86_64 | 0.1-2 | 52.00 | OK | |||
r-release-windows-x86_64 | 0.1-2 | 16.00 | 107.00 | 123.00 | OK | |
r-oldrel-macos-arm64 | 0.1-2 | 44.00 | OK | |||
r-oldrel-macos-x86_64 | 0.1-2 | 76.00 | OK | |||
r-oldrel-windows-ix86+x86_64 | 0.1-2 | 25.00 | 101.00 | 126.00 | OK |
Version: 0.1-2
Check: Rd files
Result: NOTE
checkRd: (-1) predict.geoGAM.Rd:86: Escaped LaTeX specials: \&
Flavors: r-devel-linux-x86_64-debian-clang, r-devel-linux-x86_64-debian-gcc, r-devel-linux-x86_64-fedora-clang, r-devel-linux-x86_64-fedora-gcc, r-devel-windows-x86_64