CRAN Package Check Results for Package genscore

Last updated on 2024-06-14 00:53:43 CEST.

Flavor Version Tinstall Tcheck Ttotal Status Flags
r-devel-linux-x86_64-debian-clang 1.0.2.2 15.19 131.75 146.94 OK
r-devel-linux-x86_64-debian-gcc 1.0.2.2 0.53 1.67 2.20 ERROR
r-devel-linux-x86_64-fedora-clang 1.0.2.2 179.19 OK
r-devel-linux-x86_64-fedora-gcc 1.0.2.2 189.69 OK
r-devel-windows-x86_64 1.0.2.2 19.00 144.00 163.00 OK
r-patched-linux-x86_64 1.0.2.2 17.47 125.17 142.64 OK
r-release-linux-x86_64 1.0.2.2 16.52 126.42 142.94 OK
r-release-macos-arm64 1.0.2.2 62.00 OK
r-release-macos-x86_64 1.0.2.2 108.00 OK
r-release-windows-x86_64 1.0.2.2 20.00 152.00 172.00 OK
r-oldrel-macos-arm64 1.0.2.2 66.00 OK
r-oldrel-macos-x86_64 1.0.2.2 124.00 OK
r-oldrel-windows-x86_64 1.0.2.2 23.00 159.00 182.00 OK

Check Details

Version: 1.0.2.2
Check: package dependencies
Result: ERROR Package required but not available: ‘stringr’ Package suggested but not available for checking: ‘igraph’ See section ‘The DESCRIPTION file’ in the ‘Writing R Extensions’ manual. Flavor: r-devel-linux-x86_64-debian-gcc