CRAN Package Check Results for Package genlogis

Last updated on 2021-01-18 23:49:30 CET.

Flavor Version Tinstall Tcheck Ttotal Status Flags
r-devel-linux-x86_64-debian-clang 1.0.0 5.41 50.73 56.14 OK
r-devel-linux-x86_64-debian-gcc 1.0.0 4.13 38.40 42.53 OK
r-devel-linux-x86_64-fedora-clang 1.0.0 76.04 OK
r-devel-linux-x86_64-fedora-gcc 1.0.0 66.11 OK
r-devel-windows-ix86+x86_64 1.0.0 10.00 65.00 75.00 OK
r-patched-linux-x86_64 1.0.0 5.30 46.90 52.20 OK
r-patched-solaris-x86 1.0.0 121.00 OK
r-release-linux-x86_64 1.0.0 5.29 47.09 52.38 OK
r-release-macos-x86_64 1.0.0 OK
r-release-windows-ix86+x86_64 1.0.0 12.00 62.00 74.00 OK
r-oldrel-macos-x86_64 1.0.0 FAIL
r-oldrel-windows-ix86+x86_64 1.0.0 10.00 59.00 69.00 OK

Check Details

Version: 1.0.0
Check: dependencies in R code
Result: FAIL
Flavor: r-oldrel-macos-x86_64