CRAN Package Check Results for Package generalCorr

Last updated on 2024-05-23 23:59:48 CEST.

Flavor Version Tinstall Tcheck Ttotal Status Flags
r-devel-linux-x86_64-debian-clang 1.2.6 17.65 204.51 222.16 NOTE
r-devel-linux-x86_64-debian-gcc 1.2.6 14.70 149.84 164.54 NOTE
r-devel-linux-x86_64-fedora-clang 1.2.6 259.02 NOTE
r-devel-linux-x86_64-fedora-gcc 1.2.6 263.49 NOTE
r-devel-windows-x86_64 1.2.6 17.00 191.00 208.00 NOTE
r-patched-linux-x86_64 1.2.6 18.14 194.33 212.47 NOTE
r-release-linux-x86_64 1.2.6 15.23 183.85 199.08 NOTE
r-release-macos-arm64 1.2.6 79.00 NOTE
r-release-windows-x86_64 1.2.6 18.00 189.00 207.00 NOTE
r-oldrel-macos-arm64 1.2.6 78.00 OK
r-oldrel-macos-x86_64 1.2.6 142.00 OK
r-oldrel-windows-x86_64 1.2.6 23.00 233.00 256.00 OK

Check Details

Version: 1.2.6
Check: Rd files
Result: NOTE checkRd: (-1) EuroCrime.Rd:18: Lost braces; missing escapes or markup? 18 | \item\code{Country} {Name of the European country} | ^ checkRd: (-1) EuroCrime.Rd:19: Lost braces; missing escapes or markup? 19 | \item\code{crim} {Per capita crime rate} | ^ checkRd: (-1) EuroCrime.Rd:20: Lost braces; missing escapes or markup? 20 | \item\code{off} {Per capita deployment of police officers} | ^ checkRd: (-1) bootGcLC.Rd:26: Lost braces; missing escapes or markup? 26 | out {is n999 X 3 matrix for 3 outputs of GcauseX12 resampled} | ^ checkRd: (-1) bootGcRsq.Rd:26: Lost braces; missing escapes or markup? 26 | out {is n999 X 3 matrix for 3 outputs of GcauseX12 resampled} | ^ checkRd: (-1) bootPairs.Rd:18-22: Lost braces 18 | out {When \code{mtx} has p columns, \code{out} | ^ checkRd: (-1) bootPairs0.Rd:18-22: Lost braces 18 | out {When \code{mtx} has p columns, \code{out} | ^ checkRd: (-1) bootQuantile.Rd:20-28: Lost braces 20 | CI {k quantiles evaluated at probs as a matrix with k rows | ^ checkRd: (-1) bootSign.Rd:17-25: Lost braces 17 | sgn {When \code{mtx} has p columns, \code{sgn} | ^ checkRd: (-1) bootSignPcent.Rd:17-25: Lost braces 17 | sgn {When \code{mtx} has p columns, \code{sgn} | ^ checkRd: (-1) bootSummary.Rd:16-21: Lost braces 16 | summ {summary output from the (n999 by p-1) matrix | ^ checkRd: (-1) bootSummary2.Rd:16-21: Lost braces 16 | summ {a summary matrix (n999 by p-1) having usual parameters | ^ checkRd: (-1) causeSum2Panel.Rd:94: Lost braces 94 | fminmax=function(x){min(x)==max(x)}. | ^ checkRd: (-1) causeSum2Panel.Rd:106: Lost braces 106 | We identify degeneracy using "fminmax=function(x){min(x)==max(x)}" | ^ checkRd: (-1) probSign.Rd:17-25: Lost braces 17 | sgn {When \code{mtx} has p columns, \code{sgn} | ^ checkRd: (-1) somePairs.Rd:39: Lost braces; missing escapes or markup? 39 | {(typ=2)} | ^ checkRd: (-1) somePairs.Rd:44: Lost braces; missing escapes or markup? 44 | {(typ=3)} | ^ checkRd: (-1) somePairs2.Rd:43: Lost braces; missing escapes or markup? 43 | {(typ=2)} | ^ checkRd: (-1) somePairs2.Rd:48: Lost braces; missing escapes or markup? 48 | {(typ=3)} | ^ Flavors: r-devel-linux-x86_64-debian-clang, r-devel-linux-x86_64-debian-gcc, r-devel-linux-x86_64-fedora-clang, r-devel-linux-x86_64-fedora-gcc, r-devel-windows-x86_64, r-patched-linux-x86_64, r-release-linux-x86_64, r-release-macos-arm64, r-release-windows-x86_64