CRAN Package Check Results for Package genderBR

Last updated on 2022-12-04 23:53:34 CET.

Flavor Version Tinstall Tcheck Ttotal Status Flags
r-devel-linux-x86_64-debian-clang 1.1.2 3.32 31.30 34.62 OK
r-devel-linux-x86_64-debian-gcc 1.1.2 2.92 24.67 27.59 OK
r-devel-linux-x86_64-fedora-clang 1.1.2 56.16 NOTE
r-devel-linux-x86_64-fedora-gcc 1.1.2 51.98 NOTE
r-devel-windows-x86_64 1.1.2 12.00 58.00 70.00 OK
r-patched-linux-x86_64 1.1.2 2.82 30.19 33.01 OK
r-release-linux-x86_64 1.1.2 2.88 29.79 32.67 OK
r-release-macos-arm64 1.1.2 19.00 NOTE
r-release-macos-x86_64 1.1.2 33.00 NOTE
r-release-windows-x86_64 1.1.2 14.00 60.00 74.00 OK
r-oldrel-macos-arm64 1.1.2 23.00 NOTE
r-oldrel-macos-x86_64 1.1.2 30.00 NOTE
r-oldrel-windows-ix86+x86_64 1.1.2 8.00 54.00 62.00 OK

Check Details

Version: 1.1.2
Check: dependencies in R code
Result: NOTE
    Namespace in Imports field not imported from: ‘purrr’
     All declared Imports should be used.
Flavors: r-devel-linux-x86_64-fedora-clang, r-devel-linux-x86_64-fedora-gcc, r-release-macos-arm64, r-release-macos-x86_64, r-oldrel-macos-arm64, r-oldrel-macos-x86_64