CRAN Package Check Results for Package gdm

Last updated on 2019-06-07 02:50:52 CEST.

Flavor Version Tinstall Tcheck Ttotal Status Flags
r-devel-linux-x86_64-debian-clang 1.3.11 22.83 141.33 164.16 OK
r-devel-linux-x86_64-debian-gcc 1.3.11 16.92 109.74 126.66 WARN
r-devel-linux-x86_64-fedora-clang 1.3.11 189.90 OK
r-devel-linux-x86_64-fedora-gcc 1.3.11 185.63 WARN
r-devel-windows-ix86+x86_64 1.3.11 54.00 277.00 331.00 NOTE
r-patched-linux-x86_64 1.3.11 19.04 139.51 158.55 WARN
r-patched-solaris-x86 1.3.11 269.80 OK
r-release-linux-x86_64 1.3.11 19.72 139.76 159.48 WARN
r-release-windows-ix86+x86_64 1.3.11 104.00 280.00 384.00 NOTE
r-release-osx-x86_64 1.3.11 OK
r-oldrel-windows-ix86+x86_64 1.3.11 75.00 266.00 341.00 NOTE
r-oldrel-osx-x86_64 1.3.11 OK

Check Details

Version: 1.3.11
Check: whether package can be installed
Result: WARN
    Found the following significant warnings:
     Gdmlib.cpp:2352:19: warning: ‘%lf’ directive writing between 3 and 317 bytes into a region of size between 0 and 1023 [-Wformat-overflow=]
Flavors: r-devel-linux-x86_64-debian-gcc, r-devel-linux-x86_64-fedora-gcc, r-patched-linux-x86_64, r-release-linux-x86_64

Version: 1.3.11
Check: installed package size
Result: NOTE
     installed size is 6.0Mb
     sub-directories of 1Mb or more:
     doc 1.1Mb
     extdata 3.0Mb
     libs 1.4Mb
Flavors: r-devel-windows-ix86+x86_64, r-release-windows-ix86+x86_64, r-oldrel-windows-ix86+x86_64