CRAN Package Check Results for Package gdm

Last updated on 2019-08-18 23:47:33 CEST.

Flavor Version Tinstall Tcheck Ttotal Status Flags
r-devel-linux-x86_64-debian-clang 1.3.11 22.61 139.72 162.33 WARN
r-devel-linux-x86_64-debian-gcc 1.3.11 18.22 110.21 128.43 WARN
r-devel-linux-x86_64-fedora-clang 1.3.11 200.95 OK
r-devel-linux-x86_64-fedora-gcc 1.3.11 174.27 WARN
r-devel-windows-ix86+x86_64 1.3.11 91.00 276.00 367.00 NOTE
r-patched-linux-x86_64 1.3.11 20.84 138.56 159.40 WARN
r-patched-solaris-x86 1.3.11 275.80 OK
r-release-linux-x86_64 1.3.11 20.20 137.39 157.59 WARN
r-release-windows-ix86+x86_64 1.3.11 54.00 191.00 245.00 NOTE
r-release-osx-x86_64 1.3.11 OK
r-oldrel-windows-ix86+x86_64 1.3.11 66.00 274.00 340.00 NOTE
r-oldrel-osx-x86_64 1.3.11 OK

Check Details

Version: 1.3.11
Check: whether package can be installed
Result: WARN
    Found the following significant warnings:
     Gdmlib.cpp:1738:3: warning: ignoring return value of function declared with 'warn_unused_result' attribute [-Wunused-result]
     NNLS_Double.cpp:930:3: warning: ignoring return value of function declared with 'warn_unused_result' attribute [-Wunused-result]
Flavor: r-devel-linux-x86_64-debian-clang

Version: 1.3.11
Check: whether package can be installed
Result: WARN
    Found the following significant warnings:
     Gdmlib.cpp:2352:13: warning: passing argument 1 to restrict-qualified parameter aliases with argument 3 [-Wrestrict]
     Gdmlib.cpp:1738:8: warning: ignoring return value of ‘ssize_t write(int, const void*, size_t)’, declared with attribute warn_unused_result [-Wunused-result]
     Gdmlib.cpp:2352:23: warning: ‘%lf’ directive writing between 3 and 317 bytes into a region of size between 0 and 1023 [-Wformat-overflow=]
     NNLS_Double.cpp:930:7: warning: ignoring return value of ‘ssize_t read(int, void*, size_t)’, declared with attribute warn_unused_result [-Wunused-result]
Flavor: r-devel-linux-x86_64-debian-gcc

Version: 1.3.11
Check: whether package can be installed
Result: WARN
    Found the following significant warnings:
     NNLS_Double.cpp:930:7: warning: ignoring return value of ‘ssize_t read(int, void*, size_t)’, declared with attribute warn_unused_result [-Wunused-result]
     Gdmlib.cpp:2352:13: warning: passing argument 1 to restrict-qualified parameter aliases with argument 3 [-Wrestrict]
     Gdmlib.cpp:1738:8: warning: ignoring return value of ‘ssize_t write(int, const void*, size_t)’, declared with attribute warn_unused_result [-Wunused-result]
     Gdmlib.cpp:2352:23: warning: ‘%lf’ directive writing between 3 and 317 bytes into a region of size between 0 and 1023 [-Wformat-overflow=]
Flavor: r-devel-linux-x86_64-fedora-gcc

Version: 1.3.11
Check: installed package size
Result: NOTE
     installed size is 6.0Mb
     sub-directories of 1Mb or more:
     doc 1.1Mb
     extdata 3.0Mb
     libs 1.4Mb
Flavors: r-devel-windows-ix86+x86_64, r-release-windows-ix86+x86_64, r-oldrel-windows-ix86+x86_64

Version: 1.3.11
Check: whether package can be installed
Result: WARN
    Found the following significant warnings:
     Gdmlib.cpp:2352:19: warning: ‘%lf’ directive writing between 3 and 317 bytes into a region of size between 0 and 1023 [-Wformat-overflow=]
Flavors: r-patched-linux-x86_64, r-release-linux-x86_64