CRAN Package Check Results for Package gdalcubes

Last updated on 2022-09-25 23:56:14 CEST.

Flavor Version Tinstall Tcheck Ttotal Status Flags
r-devel-linux-x86_64-debian-clang 0.6.1 431.21 150.53 581.74 OK
r-devel-linux-x86_64-debian-gcc 0.6.1 418.91 115.27 534.18 OK
r-devel-linux-x86_64-fedora-clang 0.6.1 773.13 WARN
r-devel-linux-x86_64-fedora-gcc 0.6.1 936.48 OK
r-devel-windows-x86_64 0.6.1 2079.00 547.00 2626.00 NOTE
r-patched-linux-x86_64 0.6.1 417.71 150.96 568.67 OK
r-release-linux-x86_64 0.6.1 420.79 152.15 572.94 OK
r-release-macos-arm64 0.6.1 223.00 NOTE
r-release-macos-x86_64 0.6.1 29.00 ERROR
r-release-windows-x86_64 0.6.1 2042.00 576.00 2618.00 NOTE
r-oldrel-macos-arm64 0.6.1 266.00 NOTE
r-oldrel-macos-x86_64 0.6.1 288.00 NOTE
r-oldrel-windows-ix86+x86_64 0.6.1 1008.00 737.00 1745.00 NOTE

Additional issues

clang15 clang15

Check Details

Version: 0.6.1
Check: whether package can be installed
Result: WARN
    Found the following significant warnings:
     gdalcubes/src/warp.h:52:19: warning: anonymous non-C-compatible type given name for linkage purposes by typedef declaration; add a tag name here [-Wnon-c-typedef-for-linkage]
Flavor: r-devel-linux-x86_64-fedora-clang

Version: 0.6.1
Check: installed package size
Result: NOTE
     installed size is 6.6Mb
     sub-directories of 1Mb or more:
     L8NY18 2.3Mb
     libs 3.2Mb
Flavors: r-devel-linux-x86_64-fedora-clang, r-devel-windows-x86_64, r-release-macos-arm64, r-release-windows-x86_64, r-oldrel-macos-arm64, r-oldrel-macos-x86_64, r-oldrel-windows-ix86+x86_64

Version: 0.6.1
Check: whether package can be installed
Result: ERROR
    Installation failed.
Flavor: r-release-macos-x86_64