CRAN Package Check Results for Package gclus

Last updated on 2024-07-24 00:53:50 CEST.

Flavor Version Tinstall Tcheck Ttotal Status Flags
r-devel-linux-x86_64-debian-clang 1.3.2 3.18 39.02 42.20 OK
r-devel-linux-x86_64-debian-gcc 1.3.2 2.29 29.71 32.00 NOTE
r-devel-linux-x86_64-fedora-clang 1.3.2 55.95 OK
r-devel-linux-x86_64-fedora-gcc 1.3.2 67.54 OK
r-devel-windows-x86_64 1.3.2 4.00 58.00 62.00 NOTE
r-patched-linux-x86_64 1.3.2 3.82 37.32 41.14 OK
r-release-linux-x86_64 1.3.2 2.70 37.81 40.51 OK
r-release-macos-arm64 1.3.2 26.00 OK
r-release-macos-x86_64 1.3.2 37.00 OK
r-release-windows-x86_64 1.3.2 4.00 55.00 59.00 OK
r-oldrel-macos-arm64 1.3.2 24.00 OK
r-oldrel-macos-x86_64 1.3.2 37.00 OK
r-oldrel-windows-x86_64 1.3.2 4.00 63.00 67.00 OK

Check Details

Version: 1.3.2
Check: Rd cross-references
Result: NOTE Found the following Rd file(s) with Rd \link{} targets missing package anchors: ac.Rd: agnes, silhouette cparcoord.Rd: parcoord Please provide package anchors for all Rd \link{} targets not in the package itself and the base packages. Flavors: r-devel-linux-x86_64-debian-gcc, r-devel-windows-x86_64