CRAN Package Check Results for Package gbp

Last updated on 2022-12-02 23:50:28 CET.

Flavor Version Tinstall Tcheck Ttotal Status Flags
r-devel-linux-x86_64-debian-clang 0.1.0.4 290.01 73.70 363.71 NOTE
r-devel-linux-x86_64-debian-gcc 0.1.0.4 235.12 54.10 289.22 NOTE
r-devel-linux-x86_64-fedora-clang 0.1.0.4 568.60 NOTE
r-devel-linux-x86_64-fedora-gcc 0.1.0.4 494.82 NOTE
r-devel-windows-x86_64 0.1.0.4 364.00 140.00 504.00 NOTE
r-patched-linux-x86_64 0.1.0.4 231.95 66.74 298.69 NOTE
r-release-linux-x86_64 0.1.0.4 244.06 68.93 312.99 NOTE
r-release-macos-arm64 0.1.0.4 113.00 NOTE
r-release-macos-x86_64 0.1.0.4 145.00 NOTE
r-release-windows-x86_64 0.1.0.4 213.00 136.00 349.00 NOTE
r-oldrel-macos-arm64 0.1.0.4 129.00 NOTE
r-oldrel-macos-x86_64 0.1.0.4 185.00 NOTE
r-oldrel-windows-ix86+x86_64 0.1.0.4 700.00 140.00 840.00 NOTE

Check Details

Version: 0.1.0.4
Check: LazyData
Result: NOTE
     'LazyData' is specified without a 'data' directory
Flavors: r-devel-linux-x86_64-debian-clang, r-devel-linux-x86_64-debian-gcc, r-devel-linux-x86_64-fedora-clang, r-devel-linux-x86_64-fedora-gcc, r-devel-windows-x86_64, r-patched-linux-x86_64, r-release-linux-x86_64, r-release-macos-arm64, r-release-macos-x86_64, r-release-windows-x86_64, r-oldrel-macos-arm64, r-oldrel-macos-x86_64, r-oldrel-windows-ix86+x86_64

Version: 0.1.0.4
Check: for GNU extensions in Makefiles
Result: NOTE
    GNU make is a SystemRequirements.
Flavors: r-devel-linux-x86_64-debian-clang, r-devel-linux-x86_64-debian-gcc, r-devel-linux-x86_64-fedora-clang, r-devel-linux-x86_64-fedora-gcc, r-devel-windows-x86_64, r-patched-linux-x86_64, r-release-linux-x86_64, r-release-macos-arm64, r-release-macos-x86_64, r-release-windows-x86_64, r-oldrel-macos-arm64, r-oldrel-macos-x86_64, r-oldrel-windows-ix86+x86_64

Version: 0.1.0.4
Check: compiled code
Result: NOTE
    File ‘gbp/libs/gbp.so’:
     Found no calls to: ‘R_registerRoutines’, ‘R_useDynamicSymbols’
    
    It is good practice to register native routines and to disable symbol
    search.
    
    See ‘Writing portable packages’ in the ‘Writing R Extensions’ manual.
Flavors: r-devel-linux-x86_64-fedora-clang, r-devel-linux-x86_64-fedora-gcc

Version: 0.1.0.4
Check: installed package size
Result: NOTE
     installed size is 17.0Mb
     sub-directories of 1Mb or more:
     doc 1.1Mb
     libs 15.7Mb
Flavors: r-release-macos-arm64, r-release-macos-x86_64, r-oldrel-macos-arm64, r-oldrel-macos-x86_64, r-oldrel-windows-ix86+x86_64