Last updated on 2023-02-05 23:58:45 CET.
Flavor | Version | Tinstall | Tcheck | Ttotal | Status | Flags |
---|---|---|---|---|---|---|
r-devel-linux-x86_64-debian-clang | 2.1 | 9.17 | 70.78 | 79.95 | NOTE | |
r-devel-linux-x86_64-debian-gcc | 2.1 | 5.61 | 53.82 | 59.43 | NOTE | |
r-devel-linux-x86_64-fedora-clang | 2.1 | 97.09 | NOTE | |||
r-devel-linux-x86_64-fedora-gcc | 2.1 | 95.42 | NOTE | |||
r-devel-windows-x86_64 | 2.1 | 9.00 | 97.00 | 106.00 | OK | |
r-patched-linux-x86_64 | 2.1 | 8.44 | 69.39 | 77.83 | NOTE | |
r-release-linux-x86_64 | 2.1 | 5.19 | 67.89 | 73.08 | NOTE | |
r-release-macos-arm64 | 2.1 | 29.00 | OK | |||
r-release-macos-x86_64 | 2.1 | 43.00 | OK | |||
r-release-windows-x86_64 | 2.1 | 13.00 | 102.00 | 115.00 | OK | |
r-oldrel-macos-arm64 | 2.1 | 38.00 | OK | |||
r-oldrel-macos-x86_64 | 2.1 | 60.00 | OK | |||
r-oldrel-windows-ix86+x86_64 | 2.1 | 17.00 | 94.00 | 111.00 | OK |
Version: 2.1
Check: for non-standard things in the check directory
Result: NOTE
Found the following files/directories:
‘checkdata.csv’ ‘gbmforest.sas’
Flavors: r-devel-linux-x86_64-debian-clang, r-devel-linux-x86_64-debian-gcc, r-devel-linux-x86_64-fedora-clang, r-devel-linux-x86_64-fedora-gcc, r-patched-linux-x86_64, r-release-linux-x86_64