CRAN Package Check Results for Package gb

Last updated on 2022-06-30 23:52:14 CEST.

Flavor Version Tinstall Tcheck Ttotal Status Flags
r-devel-linux-x86_64-debian-clang 2.3.3 5.24 29.03 34.27 NOTE
r-devel-linux-x86_64-debian-gcc 2.3.3 3.17 22.58 25.75 NOTE
r-devel-linux-x86_64-fedora-clang 2.3.3 52.84 NOTE
r-devel-linux-x86_64-fedora-gcc 2.3.3 52.00 NOTE
r-devel-windows-x86_64 2.3.3 15.00 58.00 73.00 NOTE
r-patched-linux-x86_64 2.3.3 4.68 28.61 33.29 OK
r-release-linux-x86_64 2.3.3 4.95 28.33 33.28 OK
r-release-macos-arm64 2.3.3 22.00 OK
r-release-macos-x86_64 2.3.3 27.00 OK
r-release-windows-x86_64 2.3.3 16.00 58.00 74.00 OK
r-oldrel-macos-arm64 2.3.3 26.00 OK
r-oldrel-macos-x86_64 2.3.3 35.00 OK
r-oldrel-windows-ix86+x86_64 2.3.3 16.00 62.00 78.00 OK

Check Details

Version: 2.3.3
Check: Rd files
Result: NOTE
    checkRd: (-1) fitgbd.Rd:29: Escaped LaTeX specials: \&
    checkRd: (-1) fitgld.Rd:30: Escaped LaTeX specials: \&
    checkRd: (-1) gb.Rd:28: Escaped LaTeX specials: \&
    checkRd: (-1) gbd.Rd:37: Escaped LaTeX specials: \&
    checkRd: (-1) gld.Rd:36: Escaped LaTeX specials: \&
Flavors: r-devel-linux-x86_64-debian-clang, r-devel-linux-x86_64-debian-gcc, r-devel-linux-x86_64-fedora-clang, r-devel-linux-x86_64-fedora-gcc, r-devel-windows-x86_64