CRAN Package Check Results for Package gaston

Last updated on 2021-03-01 23:48:55 CET.

Flavor Version Tinstall Tcheck Ttotal Status Flags
r-devel-linux-x86_64-debian-clang 1.5.7 OK
r-devel-linux-x86_64-debian-gcc 1.5.7 518.09 101.26 619.35 OK
r-devel-linux-x86_64-fedora-clang 1.5.7 1270.40 NOTE
r-devel-linux-x86_64-fedora-gcc 1.5.7 1135.66 OK
r-devel-windows-ix86+x86_64 1.5.7 1126.00 198.00 1324.00 NOTE
r-patched-linux-x86_64 1.5.7 593.16 124.86 718.02 OK
r-patched-solaris-x86 1.5.7 951.10 NOTE
r-release-linux-x86_64 1.5.7 603.69 125.45 729.14 OK
r-release-macos-x86_64 1.5.7 NOTE
r-release-windows-ix86+x86_64 1.5.7 1368.00 231.00 1599.00 NOTE
r-oldrel-macos-x86_64 1.5.7 NOTE
r-oldrel-windows-ix86+x86_64 1.5.7 1038.00 193.00 1231.00 NOTE

Additional issues

clang-UBSAN gcc-UBSAN

Check Details

Version: 1.5.7
Check: installed package size
Result: NOTE
     installed size is 80.8Mb
     sub-directories of 1Mb or more:
     extdata 1.6Mb
     libs 77.4Mb
Flavors: r-devel-linux-x86_64-fedora-clang, r-devel-windows-ix86+x86_64, r-patched-solaris-x86, r-release-macos-x86_64, r-release-windows-ix86+x86_64, r-oldrel-macos-x86_64, r-oldrel-windows-ix86+x86_64

Version: 1.5.7
Check: Rd cross-references
Result: NOTE
    Undeclared package ‘RcppEigen’ in Rd xrefs
Flavor: r-devel-linux-x86_64-fedora-clang