CRAN Package Check Results for Package gastempt

Last updated on 2019-10-20 23:47:25 CEST.

Flavor Version Tinstall Tcheck Ttotal Status Flags
r-devel-linux-x86_64-debian-clang 0.4.4 653.68 120.96 774.64 NOTE
r-devel-linux-x86_64-debian-gcc 0.4.4 670.04 125.36 795.40 NOTE
r-devel-linux-x86_64-fedora-clang 0.4.4 1086.69 NOTE
r-devel-linux-x86_64-fedora-gcc 0.4.4 1341.90 NOTE
r-devel-windows-ix86+x86_64 0.4.4 1085.00 246.00 1331.00 NOTE
r-patched-linux-x86_64 0.4.4 682.04 150.06 832.10 NOTE
r-patched-solaris-x86 0.4.4 1027.70 NOTE
r-release-linux-x86_64 0.4.4 673.15 150.00 823.15 NOTE
r-release-windows-ix86+x86_64 0.4.4 1510.00 332.00 1842.00 NOTE
r-release-osx-x86_64 0.4.4 NOTE
r-oldrel-windows-ix86+x86_64 0.4.4 1084.00 211.00 1295.00 NOTE
r-oldrel-osx-x86_64 0.4.4 NOTE

Check Details

Version: 0.4.4
Check: for GNU extensions in Makefiles
Result: NOTE
    GNU make is a SystemRequirements.
Flavors: r-devel-linux-x86_64-debian-clang, r-devel-linux-x86_64-debian-gcc, r-devel-linux-x86_64-fedora-clang, r-devel-linux-x86_64-fedora-gcc, r-devel-windows-ix86+x86_64, r-patched-linux-x86_64, r-patched-solaris-x86, r-release-linux-x86_64, r-release-windows-ix86+x86_64, r-release-osx-x86_64, r-oldrel-windows-ix86+x86_64, r-oldrel-osx-x86_64

Version: 0.4.4
Check: installed package size
Result: NOTE
     installed size is 106.1Mb
     sub-directories of 1Mb or more:
     libs 105.7Mb
Flavors: r-devel-linux-x86_64-fedora-clang, r-devel-windows-ix86+x86_64, r-patched-solaris-x86, r-release-windows-ix86+x86_64, r-release-osx-x86_64, r-oldrel-windows-ix86+x86_64, r-oldrel-osx-x86_64

Version: 0.4.4
Check: dependencies in R code
Result: NOTE
    Namespaces in Imports field not imported from:
     ‘methods’ ‘rstantools’
     All declared Imports should be used.
Flavors: r-devel-linux-x86_64-fedora-clang, r-devel-linux-x86_64-fedora-gcc, r-patched-solaris-x86, r-release-osx-x86_64, r-oldrel-osx-x86_64