CRAN Package Check Results for Package gastempt

Last updated on 2019-07-15 00:50:31 CEST.

Flavor Version Tinstall Tcheck Ttotal Status Flags
r-devel-linux-x86_64-debian-clang 0.4.4 622.13 121.71 743.84 NOTE
r-devel-linux-x86_64-debian-gcc 0.4.4 622.78 119.00 741.78 NOTE
r-devel-linux-x86_64-fedora-clang 0.4.4 1058.03 NOTE
r-devel-linux-x86_64-fedora-gcc 0.4.4 1221.11 NOTE
r-devel-windows-ix86+x86_64 0.4.4 1153.00 243.00 1396.00 NOTE
r-patched-linux-x86_64 0.4.4 697.50 149.90 847.40 NOTE
r-patched-solaris-x86 0.4.4 1055.60 NOTE
r-release-linux-x86_64 0.4.4 685.92 149.13 835.05 NOTE
r-release-windows-ix86+x86_64 0.4.4 1065.00 243.00 1308.00 NOTE
r-release-osx-x86_64 0.4.4 NOTE
r-oldrel-windows-ix86+x86_64 0.4.4 1494.00 336.00 1830.00 NOTE
r-oldrel-osx-x86_64 0.4.4 NOTE

Check Details

Version: 0.4.4
Check: for GNU extensions in Makefiles
Result: NOTE
    GNU make is a SystemRequirements.
Flavors: r-devel-linux-x86_64-debian-clang, r-devel-linux-x86_64-debian-gcc, r-devel-linux-x86_64-fedora-clang, r-devel-linux-x86_64-fedora-gcc, r-devel-windows-ix86+x86_64, r-patched-linux-x86_64, r-patched-solaris-x86, r-release-linux-x86_64, r-release-windows-ix86+x86_64, r-release-osx-x86_64, r-oldrel-windows-ix86+x86_64, r-oldrel-osx-x86_64

Version: 0.4.4
Check: installed package size
Result: NOTE
     installed size is 99.8Mb
     sub-directories of 1Mb or more:
     libs 99.4Mb
Flavors: r-devel-linux-x86_64-fedora-clang, r-devel-windows-ix86+x86_64, r-patched-solaris-x86, r-release-windows-ix86+x86_64, r-release-osx-x86_64, r-oldrel-windows-ix86+x86_64, r-oldrel-osx-x86_64

Version: 0.4.4
Check: dependencies in R code
Result: NOTE
    Namespaces in Imports field not imported from:
     ‘methods’ ‘rstantools’
     All declared Imports should be used.
Flavors: r-devel-linux-x86_64-fedora-clang, r-devel-linux-x86_64-fedora-gcc, r-patched-solaris-x86, r-release-osx-x86_64, r-oldrel-osx-x86_64