CRAN Package Check Results for Package gap

Last updated on 2022-01-22 23:52:10 CET.

Flavor Version Tinstall Tcheck Ttotal Status Flags
r-devel-linux-x86_64-debian-clang 1.2.3-1 26.67 128.50 155.17 OK
r-devel-linux-x86_64-debian-gcc 1.2.3-1 18.48 96.39 114.87 OK
r-devel-linux-x86_64-fedora-clang 1.2.3-1 188.62 OK
r-devel-linux-x86_64-fedora-gcc 1.2.3-1 174.75 OK
r-devel-windows-x86_64-new-UL 1.2.3-1 116.00 171.00 287.00 OK
r-devel-windows-x86_64-new-TK 1.2.3-1 NOTE
r-patched-linux-x86_64 1.2.3-1 24.87 125.20 150.07 OK
r-release-linux-x86_64 1.2.3-1 22.59 123.86 146.45 OK
r-release-macos-arm64 1.2.3-1 NOTE
r-release-macos-x86_64 1.2.3-1 OK
r-release-windows-ix86+x86_64 1.2.3-1 58.00 133.00 191.00 OK
r-oldrel-macos-x86_64 1.2.3-1 OK
r-oldrel-windows-ix86+x86_64 1.2.3-1 62.00 131.00 193.00 OK

Check Details

Version: 1.2.3-1
Check: package dependencies
Result: NOTE
    Packages suggested but not available for checking:
     'BradleyTerry2', 'meta', 'pedigreemm'
Flavor: r-devel-windows-x86_64-new-TK

Version: 1.2.3-1
Check: package dependencies
Result: NOTE
    Package suggested but not available for checking: ‘R2jags’
Flavor: r-release-macos-arm64