CRAN Package Check Results for Package gamm4.test

Last updated on 2019-10-13 23:47:20 CEST.

Flavor Version Tinstall Tcheck Ttotal Status Flags
r-devel-linux-x86_64-debian-clang 0.1.0 13.22 109.49 122.71 NOTE
r-devel-linux-x86_64-debian-gcc 0.1.0 10.43 85.06 95.49 NOTE
r-devel-linux-x86_64-fedora-clang 0.1.0 145.09 OK
r-devel-linux-x86_64-fedora-gcc 0.1.0 143.19 OK
r-devel-windows-ix86+x86_64 0.1.0 29.00 177.00 206.00 NOTE
r-patched-linux-x86_64 0.1.0 12.39 104.42 116.81 OK
r-patched-solaris-x86 0.1.0 201.50 OK
r-release-linux-x86_64 0.1.0 12.80 106.13 118.93 OK
r-release-windows-ix86+x86_64 0.1.0 40.00 111.00 151.00 OK
r-release-osx-x86_64 0.1.0 OK
r-oldrel-windows-ix86+x86_64 0.1.0 14.00 104.00 118.00 OK
r-oldrel-osx-x86_64 0.1.0 OK

Check Details

Version: 0.1.0
Check: package vignettes
Result: NOTE
    Package vignette with placeholder title 'Vignette Title':
     'Introduction.Rmd'
Flavors: r-devel-linux-x86_64-debian-clang, r-devel-linux-x86_64-debian-gcc, r-devel-windows-ix86+x86_64