CRAN Package Check Results for Package gamm4.test

Last updated on 2020-09-26 23:46:34 CEST.

Flavor Version Tinstall Tcheck Ttotal Status Flags
r-devel-linux-x86_64-debian-clang 0.1.0 12.82 127.38 140.20 NOTE
r-devel-linux-x86_64-debian-gcc 0.1.0 11.15 95.95 107.10 NOTE
r-devel-linux-x86_64-fedora-clang 0.1.0 174.40 OK
r-devel-linux-x86_64-fedora-gcc 0.1.0 169.30 OK
r-devel-windows-ix86+x86_64 0.1.0 33.00 149.00 182.00 NOTE
r-patched-linux-x86_64 0.1.0 12.52 119.66 132.18 NOTE
r-patched-solaris-x86 0.1.0 224.80 OK
r-release-linux-x86_64 0.1.0 13.55 119.95 133.50 NOTE
r-release-macos-x86_64 0.1.0 OK
r-release-windows-ix86+x86_64 0.1.0 33.00 154.00 187.00 NOTE
r-oldrel-macos-x86_64 0.1.0 OK
r-oldrel-windows-ix86+x86_64 0.1.0 27.00 145.00 172.00 OK

Check Details

Version: 0.1.0
Check: package vignettes
Result: NOTE
    Package vignette with placeholder title 'Vignette Title':
     'Introduction.Rmd'
Flavors: r-devel-linux-x86_64-debian-clang, r-devel-linux-x86_64-debian-gcc, r-devel-windows-ix86+x86_64, r-patched-linux-x86_64, r-release-linux-x86_64, r-release-windows-ix86+x86_64