CRAN Package Check Results for Package gamm4.test

Last updated on 2020-05-24 23:47:44 CEST.

Flavor Version Tinstall Tcheck Ttotal Status Flags
r-devel-linux-x86_64-debian-clang 0.1.0 14.09 124.34 138.43 NOTE
r-devel-linux-x86_64-debian-gcc 0.1.0 12.25 95.18 107.43 NOTE
r-devel-linux-x86_64-fedora-clang 0.1.0 160.27 OK
r-devel-linux-x86_64-fedora-gcc 0.1.0 160.03 OK
r-devel-windows-ix86+x86_64 0.1.0 49.00 129.00 178.00 NOTE
r-patched-linux-x86_64 0.1.0 12.76 121.30 134.06 NOTE
r-patched-solaris-x86 0.1.0 231.00 OK
r-release-linux-x86_64 0.1.0 12.07 120.97 133.04 NOTE
r-release-osx-x86_64 0.1.0 OK
r-release-windows-ix86+x86_64 0.1.0 34.00 178.00 212.00 NOTE
r-oldrel-osx-x86_64 0.1.0 OK
r-oldrel-windows-ix86+x86_64 0.1.0 25.00 159.00 184.00 OK

Check Details

Version: 0.1.0
Check: package vignettes
Result: NOTE
    Package vignette with placeholder title 'Vignette Title':
     'Introduction.Rmd'
Flavors: r-devel-linux-x86_64-debian-clang, r-devel-linux-x86_64-debian-gcc, r-devel-windows-ix86+x86_64, r-patched-linux-x86_64, r-release-linux-x86_64, r-release-windows-ix86+x86_64